INSERT INTO cdtoc (created, degraded, discid, freedb_id, id, leadout_offset, track_count, track_offset) VALUES ('2011-01-18 15:21:33.71184+00', '0', 'AEksyBzpAWwQVR8rz2ASF984Uo4-', '980de20b', 344827, 266723, 11, '{150,24297,43650,76705,90853,108653,147721,169413,194046,215983,236386}');
INSERT INTO cdtoc (created, degraded, discid, freedb_id, id, leadout_offset, track_count, track_offset) VALUES ('2011-01-18 15:21:33.71184+00', '0', 'ntVUGiLS__Fa__494wln20X0YnI-', '890dd20b', 17, 265530, 11, '{150,24147,43350,76332,90330,108057,146975,168517,193000,214787,235040}');
INSERT INTO cdtoc (created, degraded, discid, freedb_id, id, leadout_offset, track_count, track_offset) VALUES ('2011-01-18 15:21:33.71184+00', '0', 'I7bkQQjCp.XBo0zrwTLxLYz1vXs-', '890dd00b', 110729, 265380, 11, '{150,24161,43380,76346,90358,108010,146928,168482,193000,214746,234948}');
INSERT INTO cdtoc (created, degraded, discid, freedb_id, id, leadout_offset, track_count, track_offset) VALUES ('2011-01-18 15:21:33.71184+00', '0', 'rfLLTAuy0gbQkonQKCLGabmk2MY-', '1902ec03', 268493, 56275, 3, '{150,18727,39085}');
INSERT INTO cdtoc (created, degraded, discid, freedb_id, id, leadout_offset, track_count, track_offset) VALUES ('2011-01-18 15:21:33.71184+00', '0', 'Sehck3.MCN8EFcUJ5.F8nR4H3v0-', '60099608', 49930, 184210, 8, '{182,24925,59357,81107,95905,112640,132355,163885}');
INSERT INTO cdtoc (created, degraded, discid, freedb_id, id, leadout_offset, track_count, track_offset) VALUES ('2011-01-18 15:21:33.71184+00', '0', 'vdqjl0qd439MIsKaj0snDOhuiLU-', '5e099b08', 354280, 184645, 8, '{150,24890,59372,81145,95795,112695,132545,164315}');
INSERT INTO cdtoc (created, degraded, discid, freedb_id, id, leadout_offset, track_count, track_offset) VALUES ('2011-01-18 15:21:33.71184+00', '0', '8g0LhwVHIn_LfBt88ruvkYe1X3g-', '60099608', 339838, 184245, 8, '{150,24947,59365,81115,95912,112647,132362,163892}');
INSERT INTO cdtoc (created, degraded, discid, freedb_id, id, leadout_offset, track_count, track_offset) VALUES ('2011-01-18 15:21:33.71184+00', '0', 'dvMaF6OoUA42N9Jw_nwISI86ocY-', '69099e08', 316245, 184805, 8, '{187,25000,59482,81242,95895,112795,132645,164425}');
INSERT INTO cdtoc (created, degraded, discid, freedb_id, id, leadout_offset, track_count, track_offset) VALUES ('2011-01-18 15:21:33.71184+00', '0', 'RQ69TCHg_nsoKXtFgDc5T5QGMgQ-', '5e099c08', 295235, 184657, 8, '{150,24890,59372,81145,95795,112695,132545,164315}');
INSERT INTO cdtoc (created, degraded, discid, freedb_id, id, leadout_offset, track_count, track_offset) VALUES ('2011-01-18 15:21:33.71184+00', '0', 'VWXyO4ux.s2_c5jFS1Q4Etsp6co-', '6b0c5408', 291363, 236918, 8, '{150,33045,69418,101400,119930,137573,158710,211493}');
INSERT INTO cdtoc (created, degraded, discid, freedb_id, id, leadout_offset, track_count, track_offset) VALUES ('2011-01-18 15:21:33.71184+00', '0', 'AE1YB3XUylgfysw.tszWOdkrwiQ-', '60099608', 268087, 184245, 8, '{150,24948,59365,81115,95913,112648,132363,163893}');
INSERT INTO cdtoc (created, degraded, discid, freedb_id, id, leadout_offset, track_count, track_offset) VALUES ('2011-01-18 15:21:33.71184+00', '0', 'YOLlLOewMCnK5OdwRldTW8H8Ph0-', '60099608', 256078, 184210, 8, '{182,24928,59358,81108,95905,112640,132355,163885}');
INSERT INTO cdtoc (created, degraded, discid, freedb_id, id, leadout_offset, track_count, track_offset) VALUES ('2011-01-18 15:21:33.71184+00', '0', 'ZeUS.FCJxbcQhhKEEul4EHw6NYQ-', '63099c08', 184796, 184690, 8, '{183,24923,59405,81178,95828,112728,132578,164348}');
INSERT INTO cdtoc (created, degraded, discid, freedb_id, id, leadout_offset, track_count, track_offset) VALUES ('2011-01-18 15:21:33.71184+00', '0', 'AUwjxNYeUi4fSgvQJfjGRDwJXJ0-', '5e099508', 181552, 184165, 8, '{150,24895,59325,81075,95872,112607,132322,163852}');
INSERT INTO cdtoc (created, degraded, discid, freedb_id, id, leadout_offset, track_count, track_offset) VALUES ('2011-01-18 15:21:33.71184+00', '0', '9h2hHjVbVjVI6KwuTGDZzhbmc9U-', '61099608', 152998, 184240, 8, '{182,24937,59360,81125,95920,112650,132350,163895}');
INSERT INTO cdtoc (created, degraded, discid, freedb_id, id, leadout_offset, track_count, track_offset) VALUES ('2011-01-18 15:21:33.71184+00', '0', '7sSDtdOuG5P3Y.eEDls6U7SYorE-', '63099c08', 121086, 184665, 8, '{183,24930,59413,81178,95828,112728,132578,164355}');
INSERT INTO cdtoc (created, degraded, discid, freedb_id, id, leadout_offset, track_count, track_offset) VALUES ('2011-01-18 15:21:33.71184+00', '0', 'nuzctgwwFzYqqT06PC55YXawumw-', '60099508', 108503, 184190, 8, '{182,24917,59357,81107,95905,112640,132355,163885}');
INSERT INTO cdtoc (created, degraded, discid, freedb_id, id, leadout_offset, track_count, track_offset) VALUES ('2011-01-18 15:21:33.71184+00', '0', 'YawI_3ga7sXXZk6jGfmPOm9god4-', '60099608', 893, 184210, 8, '{150,24912,59357,81107,95902,112640,132337,163880}');
INSERT INTO cdtoc (created, degraded, discid, freedb_id, id, leadout_offset, track_count, track_offset) VALUES ('2011-01-18 15:21:33.71184+00', '0', '8IxUHoNrTHMAmTIlhuY4F7A3pv4-', '69099b08', 7927, 184707, 8, '{225,24977,59460,81232,95882,112782,132632,164402}');
INSERT INTO cdtoc (created, degraded, discid, freedb_id, id, leadout_offset, track_count, track_offset) VALUES ('2011-01-18 15:21:33.71184+00', '0', '6QwQ1XpuVHRAf2WmEJ7ncFCHIFE-', '6809ad08', 98281, 185931, 8, '{150,25072,59718,81659,96480,113544,133562,165506}');
INSERT INTO cdtoc (created, degraded, discid, freedb_id, id, leadout_offset, track_count, track_offset) VALUES ('2011-01-18 15:21:33.71184+00', '0', 'syCuIG.VDtfkIkCZ7srayNW8rnA-', 'b208d40e', 376870, 169673, 14, '{150,9348,21473,36280,48635,63000,77050,88643,105705,117915,127185,139398,151893,166523}');
INSERT INTO cdtoc (created, degraded, discid, freedb_id, id, leadout_offset, track_count, track_offset) VALUES ('2011-01-18 15:21:33.71184+00', '0', '5t9hqzNTxRPT7zKSgqbIaUPfBzg-', 'b708d40e', 10144, 169707, 14, '{182,9382,21507,36312,48670,63032,77085,88675,105737,117947,127217,139430,151927,166555}');
INSERT INTO cdtoc (created, degraded, discid, freedb_id, id, leadout_offset, track_count, track_offset) VALUES ('2011-01-18 15:21:33.71184+00', '0', 'Oa9KN2peBaJdn1znF7XXMXKkhLo-', 'b208d40e', 112902, 169667, 14, '{150,9347,21470,36285,48637,63002,77035,88645,105707,117925,127190,139395,151892,166525}');
INSERT INTO cdtoc (created, degraded, discid, freedb_id, id, leadout_offset, track_count, track_offset) VALUES ('2011-01-18 15:21:33.71184+00', '0', 'tR2SpfaE.q4kUoGwP.NkPT6vwhc-', 'b708d40e', 146522, 169707, 14, '{182,9380,21505,36312,48667,63032,77082,88675,105737,117947,127217,139430,151925,166555}');
INSERT INTO cdtoc (created, degraded, discid, freedb_id, id, leadout_offset, track_count, track_offset) VALUES ('2011-01-18 15:21:33.71184+00', '0', '5ryUSsKSzUhTIcCvvBbzY6mmP70-', 'b908d30e', 164606, 169600, 14, '{150,9280,21410,36220,48575,62940,76970,88582,105647,117847,127127,139330,151812,166457}');
INSERT INTO cdtoc (created, degraded, discid, freedb_id, id, leadout_offset, track_count, track_offset) VALUES ('2011-01-18 15:21:33.71184+00', '0', '9pK3Eo7YF8qSiBlGg9D0l5sNuaU-', 'c008d40e', 252608, 169657, 14, '{150,9305,21420,36237,48587,62945,76977,88592,105660,117865,127147,139337,151820,163460}');
INSERT INTO cdtoc (created, degraded, discid, freedb_id, id, leadout_offset, track_count, track_offset) VALUES ('2011-01-18 15:21:33.71184+00', '0', 'Nmu_OfWl7g83XbuXuosWZMZMEvc-', '8608370a', 35066, 157932, 10, '{182,14367,33090,47290,63412,77047,88985,117735,125570,146057}');
INSERT INTO cdtoc (created, degraded, discid, freedb_id, id, leadout_offset, track_count, track_offset) VALUES ('2011-01-18 15:21:33.71184+00', '0', '6bOGp3KERq1vhgKLLZreS.RMhGo-', '7b082e0a', 38029, 157223, 10, '{183,12103,31365,47415,63623,77168,87830,116693,124563,145245}');
INSERT INTO cdtoc (created, degraded, discid, freedb_id, id, leadout_offset, track_count, track_offset) VALUES ('2011-01-18 15:21:33.71184+00', '0', '2Mh4AS8DoNfkCsU04_YFk.kLtLI-', '7b082f0a', 339241, 157282, 10, '{150,12102,31362,47412,63620,77165,87827,116690,124560,145242}');
INSERT INTO cdtoc (created, degraded, discid, freedb_id, id, leadout_offset, track_count, track_offset) VALUES ('2011-01-18 15:21:33.71184+00', '0', '.0cCQpoefOzJUvLd79fwI7mObJY-', '7508240a', 314632, 156512, 10, '{187,12075,30995,47172,63430,76855,87480,116322,123955,144670}');
INSERT INTO cdtoc (created, degraded, discid, freedb_id, id, leadout_offset, track_count, track_offset) VALUES ('2011-01-18 15:21:33.71184+00', '0', 'UktFGPE6.FpszCQhvf7DJHijYmg-', '8608360a', 127389, 157845, 10, '{150,14287,33007,47200,63327,76965,88900,117650,125485,145972}');
INSERT INTO cdtoc (created, degraded, discid, freedb_id, id, leadout_offset, track_count, track_offset) VALUES ('2011-01-18 15:21:33.71184+00', '0', 'tHYfkdt32Wlxkp5n8Vik12AGa4M-', '8708370a', 258542, 157877, 10, '{182,14320,33040,47232,63360,76997,88932,117682,125517,146005}');
INSERT INTO cdtoc (created, degraded, discid, freedb_id, id, leadout_offset, track_count, track_offset) VALUES ('2011-01-18 15:21:33.71184+00', '0', 'Vs9WHtem2u9Oo3Dmh0ccFeEEYQw-', '72082e0a', 85413, 157245, 10, '{150,12057,31025,46720,63580,77157,87825,116687,124570,143825}');
INSERT INTO cdtoc (created, degraded, discid, freedb_id, id, leadout_offset, track_count, track_offset) VALUES ('2011-01-18 15:21:33.71184+00', '0', '_nvx4zcP5SgeupDR.tKLEyTy5vg-', '7f082f0a', 194277, 157320, 10, '{187,12140,31400,47450,63657,77202,87865,116727,124597,145280}');
INSERT INTO cdtoc (created, degraded, discid, freedb_id, id, leadout_offset, track_count, track_offset) VALUES ('2011-01-18 15:21:33.71184+00', '0', 'E65upMAlfpOT9WK2PAcs.TyvC.s-', '76082d0a', 141117, 157157, 10, '{150,12060,31320,47370,63577,77122,87785,116647,124517,145200}');
INSERT INTO cdtoc (created, degraded, discid, freedb_id, id, leadout_offset, track_count, track_offset) VALUES ('2011-01-18 15:21:33.71184+00', '0', '_mIJp3ou5BAQ1GFOiu0hWuoz2mI-', '72081509', 248388, 155399, 9, '{150,19400,25900,41925,61925,81025,98775,116075,136675}');

INSERT INTO medium_cdtoc (cdtoc, edits_pending, id, last_updated, medium) VALUES (129807, 0, 68408, '2011-01-18 15:21:33.71184+00', 49161);
INSERT INTO medium_cdtoc (cdtoc, edits_pending, id, last_updated, medium) VALUES (129807, 0, 117662, '2011-01-18 15:21:33.71184+00', 123054);
INSERT INTO medium_cdtoc (cdtoc, edits_pending, id, last_updated, medium) VALUES (96188, 0, 40907, '2011-01-18 15:21:33.71184+00', 24752);
INSERT INTO medium_cdtoc (cdtoc, edits_pending, id, last_updated, medium) VALUES (114635, 0, 40908, '2011-01-18 15:21:33.71184+00', 24752);
INSERT INTO medium_cdtoc (cdtoc, edits_pending, id, last_updated, medium) VALUES (114635, 0, 187727, '2011-01-18 15:21:33.71184+00', 243064);
INSERT INTO medium_cdtoc (cdtoc, edits_pending, id, last_updated, medium) VALUES (96188, 0, 187728, '2011-01-18 15:21:33.71184+00', 243064);
INSERT INTO medium_cdtoc (cdtoc, edits_pending, id, last_updated, medium) VALUES (269350, 0, 189705, '2011-01-18 15:21:33.71184+00', 246898);
INSERT INTO medium_cdtoc (cdtoc, edits_pending, id, last_updated, medium) VALUES (281138, 0, 308418, '2011-01-18 15:21:33.71184+00', 446581);
INSERT INTO medium_cdtoc (cdtoc, edits_pending, id, last_updated, medium) VALUES (281139, 0, 320049, '2011-01-18 15:21:33.71184+00', 467794);
INSERT INTO medium_cdtoc (cdtoc, edits_pending, id, last_updated, medium) VALUES (77049, 0, 10359, '2011-01-18 15:21:33.71184+00', 4675);
INSERT INTO medium_cdtoc (cdtoc, edits_pending, id, last_updated, medium) VALUES (81302, 0, 10360, '2011-01-18 15:21:33.71184+00', 4675);
INSERT INTO medium_cdtoc (cdtoc, edits_pending, id, last_updated, medium) VALUES (43155, 0, 18306, '2011-01-18 15:21:33.71184+00', 8312);
INSERT INTO medium_cdtoc (cdtoc, edits_pending, id, last_updated, medium) VALUES (152078, 0, 18307, '2011-01-18 15:21:33.71184+00', 8312);
INSERT INTO medium_cdtoc (cdtoc, edits_pending, id, last_updated, medium) VALUES (133905, 0, 35235, '2011-01-18 15:21:33.71184+00', 19969);
INSERT INTO medium_cdtoc (cdtoc, edits_pending, id, last_updated, medium) VALUES (240446, 0, 35236, '2011-01-18 15:21:33.71184+00', 19969);
INSERT INTO medium_cdtoc (cdtoc, edits_pending, id, last_updated, medium) VALUES (322076, 0, 35237, '2011-01-18 15:21:33.71184+00', 19969);
INSERT INTO medium_cdtoc (cdtoc, edits_pending, id, last_updated, medium) VALUES (340280, 0, 35238, '2011-01-18 15:21:33.71184+00', 19969);
INSERT INTO medium_cdtoc (cdtoc, edits_pending, id, last_updated, medium) VALUES (344827, 0, 35239, '2011-01-18 15:21:33.71184+00', 19969);
INSERT INTO medium_cdtoc (cdtoc, edits_pending, id, last_updated, medium) VALUES (17, 0, 35240, '2011-01-18 15:21:33.71184+00', 19969);
INSERT INTO medium_cdtoc (cdtoc, edits_pending, id, last_updated, medium) VALUES (110729, 0, 35241, '2011-01-18 15:21:33.71184+00', 19969);
INSERT INTO medium_cdtoc (cdtoc, edits_pending, id, last_updated, medium) VALUES (133905, 0, 49901, '2011-01-18 15:21:33.71184+00', 31689);
INSERT INTO medium_cdtoc (cdtoc, edits_pending, id, last_updated, medium) VALUES (322076, 0, 49902, '2011-01-18 15:21:33.71184+00', 31689);
INSERT INTO medium_cdtoc (cdtoc, edits_pending, id, last_updated, medium) VALUES (240446, 0, 49903, '2011-01-18 15:21:33.71184+00', 31689);
INSERT INTO medium_cdtoc (cdtoc, edits_pending, id, last_updated, medium) VALUES (17, 0, 49904, '2011-01-18 15:21:33.71184+00', 31689);
INSERT INTO medium_cdtoc (cdtoc, edits_pending, id, last_updated, medium) VALUES (344827, 0, 49905, '2011-01-18 15:21:33.71184+00', 31689);
INSERT INTO medium_cdtoc (cdtoc, edits_pending, id, last_updated, medium) VALUES (340280, 0, 49906, '2011-01-18 15:21:33.71184+00', 31689);
INSERT INTO medium_cdtoc (cdtoc, edits_pending, id, last_updated, medium) VALUES (110729, 0, 49907, '2011-01-18 15:21:33.71184+00', 31689);
INSERT INTO medium_cdtoc (cdtoc, edits_pending, id, last_updated, medium) VALUES (17, 0, 49908, '2011-01-18 15:21:33.71184+00', 31690);
INSERT INTO medium_cdtoc (cdtoc, edits_pending, id, last_updated, medium) VALUES (344827, 0, 49909, '2011-01-18 15:21:33.71184+00', 31690);
INSERT INTO medium_cdtoc (cdtoc, edits_pending, id, last_updated, medium) VALUES (340280, 0, 49910, '2011-01-18 15:21:33.71184+00', 31690);
INSERT INTO medium_cdtoc (cdtoc, edits_pending, id, last_updated, medium) VALUES (322076, 0, 49911, '2011-01-18 15:21:33.71184+00', 31690);
INSERT INTO medium_cdtoc (cdtoc, edits_pending, id, last_updated, medium) VALUES (240446, 0, 49912, '2011-01-18 15:21:33.71184+00', 31690);
INSERT INTO medium_cdtoc (cdtoc, edits_pending, id, last_updated, medium) VALUES (133905, 0, 49913, '2011-01-18 15:21:33.71184+00', 31690);
INSERT INTO medium_cdtoc (cdtoc, edits_pending, id, last_updated, medium) VALUES (110729, 0, 49914, '2011-01-18 15:21:33.71184+00', 31690);
INSERT INTO medium_cdtoc (cdtoc, edits_pending, id, last_updated, medium) VALUES (133905, 0, 248696, '2011-01-18 15:21:33.71184+00', 338506);
INSERT INTO medium_cdtoc (cdtoc, edits_pending, id, last_updated, medium) VALUES (322076, 0, 248697, '2011-01-18 15:21:33.71184+00', 338506);
INSERT INTO medium_cdtoc (cdtoc, edits_pending, id, last_updated, medium) VALUES (110729, 0, 248698, '2011-01-18 15:21:33.71184+00', 338506);
INSERT INTO medium_cdtoc (cdtoc, edits_pending, id, last_updated, medium) VALUES (17, 0, 248699, '2011-01-18 15:21:33.71184+00', 338506);
INSERT INTO medium_cdtoc (cdtoc, edits_pending, id, last_updated, medium) VALUES (340280, 0, 248700, '2011-01-18 15:21:33.71184+00', 338506);
INSERT INTO medium_cdtoc (cdtoc, edits_pending, id, last_updated, medium) VALUES (344827, 0, 248701, '2011-01-18 15:21:33.71184+00', 338506);
INSERT INTO medium_cdtoc (cdtoc, edits_pending, id, last_updated, medium) VALUES (240446, 0, 248702, '2011-01-18 15:21:33.71184+00', 338506);
INSERT INTO medium_cdtoc (cdtoc, edits_pending, id, last_updated, medium) VALUES (240446, 0, 466320, '2011-01-18 15:21:33.71184+00', 748905);
INSERT INTO medium_cdtoc (cdtoc, edits_pending, id, last_updated, medium) VALUES (133905, 0, 466321, '2011-01-18 15:21:33.71184+00', 748905);
INSERT INTO medium_cdtoc (cdtoc, edits_pending, id, last_updated, medium) VALUES (322076, 0, 466322, '2011-01-18 15:21:33.71184+00', 748905);
INSERT INTO medium_cdtoc (cdtoc, edits_pending, id, last_updated, medium) VALUES (110729, 0, 466323, '2011-01-18 15:21:33.71184+00', 748905);
INSERT INTO medium_cdtoc (cdtoc, edits_pending, id, last_updated, medium) VALUES (17, 0, 466324, '2011-01-18 15:21:33.71184+00', 748905);
INSERT INTO medium_cdtoc (cdtoc, edits_pending, id, last_updated, medium) VALUES (340280, 0, 466325, '2011-01-18 15:21:33.71184+00', 748905);
INSERT INTO medium_cdtoc (cdtoc, edits_pending, id, last_updated, medium) VALUES (344827, 0, 466326, '2011-01-18 15:21:33.71184+00', 748905);
INSERT INTO medium_cdtoc (cdtoc, edits_pending, id, last_updated, medium) VALUES (268493, 0, 306212, '2011-01-18 15:21:33.71184+00', 442242);
INSERT INTO medium_cdtoc (cdtoc, edits_pending, id, last_updated, medium) VALUES (268493, 0, 466327, '2011-01-18 15:21:33.71184+00', 748906);
INSERT INTO medium_cdtoc (cdtoc, edits_pending, id, last_updated, medium) VALUES (49930, 0, 211840, '2011-01-18 15:21:33.71184+00', 278984);
INSERT INTO medium_cdtoc (cdtoc, edits_pending, id, last_updated, medium) VALUES (354280, 0, 211841, '2011-01-18 15:21:33.71184+00', 278984);
INSERT INTO medium_cdtoc (cdtoc, edits_pending, id, last_updated, medium) VALUES (339838, 0, 211842, '2011-01-18 15:21:33.71184+00', 278984);
INSERT INTO medium_cdtoc (cdtoc, edits_pending, id, last_updated, medium) VALUES (316245, 0, 211843, '2011-01-18 15:21:33.71184+00', 278984);
INSERT INTO medium_cdtoc (cdtoc, edits_pending, id, last_updated, medium) VALUES (295235, 0, 211844, '2011-01-18 15:21:33.71184+00', 278984);
INSERT INTO medium_cdtoc (cdtoc, edits_pending, id, last_updated, medium) VALUES (291363, 0, 211845, '2011-01-18 15:21:33.71184+00', 278984);
INSERT INTO medium_cdtoc (cdtoc, edits_pending, id, last_updated, medium) VALUES (268087, 0, 211846, '2011-01-18 15:21:33.71184+00', 278984);
INSERT INTO medium_cdtoc (cdtoc, edits_pending, id, last_updated, medium) VALUES (256078, 0, 211847, '2011-01-18 15:21:33.71184+00', 278984);
INSERT INTO medium_cdtoc (cdtoc, edits_pending, id, last_updated, medium) VALUES (184796, 0, 211848, '2011-01-18 15:21:33.71184+00', 278984);
INSERT INTO medium_cdtoc (cdtoc, edits_pending, id, last_updated, medium) VALUES (181552, 0, 211849, '2011-01-18 15:21:33.71184+00', 278984);
INSERT INTO medium_cdtoc (cdtoc, edits_pending, id, last_updated, medium) VALUES (152998, 0, 211850, '2011-01-18 15:21:33.71184+00', 278984);
INSERT INTO medium_cdtoc (cdtoc, edits_pending, id, last_updated, medium) VALUES (121086, 0, 211851, '2011-01-18 15:21:33.71184+00', 278984);
INSERT INTO medium_cdtoc (cdtoc, edits_pending, id, last_updated, medium) VALUES (108503, 0, 211852, '2011-01-18 15:21:33.71184+00', 278984);
INSERT INTO medium_cdtoc (cdtoc, edits_pending, id, last_updated, medium) VALUES (893, 0, 211853, '2011-01-18 15:21:33.71184+00', 278984);
INSERT INTO medium_cdtoc (cdtoc, edits_pending, id, last_updated, medium) VALUES (7927, 0, 211854, '2011-01-18 15:21:33.71184+00', 278984);
INSERT INTO medium_cdtoc (cdtoc, edits_pending, id, last_updated, medium) VALUES (98281, 0, 211855, '2011-01-18 15:21:33.71184+00', 278984);
INSERT INTO medium_cdtoc (cdtoc, edits_pending, id, last_updated, medium) VALUES (121086, 0, 305636, '2011-01-18 15:21:33.71184+00', 441328);
INSERT INTO medium_cdtoc (cdtoc, edits_pending, id, last_updated, medium) VALUES (108503, 0, 305637, '2011-01-18 15:21:33.71184+00', 441328);
INSERT INTO medium_cdtoc (cdtoc, edits_pending, id, last_updated, medium) VALUES (98281, 0, 305638, '2011-01-18 15:21:33.71184+00', 441328);
INSERT INTO medium_cdtoc (cdtoc, edits_pending, id, last_updated, medium) VALUES (7927, 0, 305639, '2011-01-18 15:21:33.71184+00', 441328);
INSERT INTO medium_cdtoc (cdtoc, edits_pending, id, last_updated, medium) VALUES (893, 0, 305640, '2011-01-18 15:21:33.71184+00', 441328);
INSERT INTO medium_cdtoc (cdtoc, edits_pending, id, last_updated, medium) VALUES (152998, 0, 305641, '2011-01-18 15:21:33.71184+00', 441328);
INSERT INTO medium_cdtoc (cdtoc, edits_pending, id, last_updated, medium) VALUES (339838, 0, 305642, '2011-01-18 15:21:33.71184+00', 441328);
INSERT INTO medium_cdtoc (cdtoc, edits_pending, id, last_updated, medium) VALUES (354280, 0, 305643, '2011-01-18 15:21:33.71184+00', 441328);
INSERT INTO medium_cdtoc (cdtoc, edits_pending, id, last_updated, medium) VALUES (184796, 0, 305644, '2011-01-18 15:21:33.71184+00', 441328);
INSERT INTO medium_cdtoc (cdtoc, edits_pending, id, last_updated, medium) VALUES (49930, 0, 305645, '2011-01-18 15:21:33.71184+00', 441328);
INSERT INTO medium_cdtoc (cdtoc, edits_pending, id, last_updated, medium) VALUES (256078, 0, 305646, '2011-01-18 15:21:33.71184+00', 441328);
INSERT INTO medium_cdtoc (cdtoc, edits_pending, id, last_updated, medium) VALUES (295235, 0, 305647, '2011-01-18 15:21:33.71184+00', 441328);
INSERT INTO medium_cdtoc (cdtoc, edits_pending, id, last_updated, medium) VALUES (181552, 0, 305648, '2011-01-18 15:21:33.71184+00', 441328);
INSERT INTO medium_cdtoc (cdtoc, edits_pending, id, last_updated, medium) VALUES (291363, 0, 305649, '2011-01-18 15:21:33.71184+00', 441328);
INSERT INTO medium_cdtoc (cdtoc, edits_pending, id, last_updated, medium) VALUES (268087, 0, 305650, '2011-01-18 15:21:33.71184+00', 441328);
INSERT INTO medium_cdtoc (cdtoc, edits_pending, id, last_updated, medium) VALUES (316245, 0, 305651, '2011-01-18 15:21:33.71184+00', 441328);
INSERT INTO medium_cdtoc (cdtoc, edits_pending, id, last_updated, medium) VALUES (184796, 0, 327428, '2011-01-18 15:21:33.71184+00', 479654);
INSERT INTO medium_cdtoc (cdtoc, edits_pending, id, last_updated, medium) VALUES (181552, 0, 327429, '2011-01-18 15:21:33.71184+00', 479654);
INSERT INTO medium_cdtoc (cdtoc, edits_pending, id, last_updated, medium) VALUES (7927, 0, 327430, '2011-01-18 15:21:33.71184+00', 479654);
INSERT INTO medium_cdtoc (cdtoc, edits_pending, id, last_updated, medium) VALUES (339838, 0, 327431, '2011-01-18 15:21:33.71184+00', 479654);
INSERT INTO medium_cdtoc (cdtoc, edits_pending, id, last_updated, medium) VALUES (256078, 0, 327432, '2011-01-18 15:21:33.71184+00', 479654);
INSERT INTO medium_cdtoc (cdtoc, edits_pending, id, last_updated, medium) VALUES (268087, 0, 327433, '2011-01-18 15:21:33.71184+00', 479654);
INSERT INTO medium_cdtoc (cdtoc, edits_pending, id, last_updated, medium) VALUES (121086, 0, 327434, '2011-01-18 15:21:33.71184+00', 479654);
INSERT INTO medium_cdtoc (cdtoc, edits_pending, id, last_updated, medium) VALUES (291363, 0, 327435, '2011-01-18 15:21:33.71184+00', 479654);
INSERT INTO medium_cdtoc (cdtoc, edits_pending, id, last_updated, medium) VALUES (316245, 0, 327436, '2011-01-18 15:21:33.71184+00', 479654);
INSERT INTO medium_cdtoc (cdtoc, edits_pending, id, last_updated, medium) VALUES (295235, 0, 327437, '2011-01-18 15:21:33.71184+00', 479654);
INSERT INTO medium_cdtoc (cdtoc, edits_pending, id, last_updated, medium) VALUES (152998, 0, 327438, '2011-01-18 15:21:33.71184+00', 479654);
INSERT INTO medium_cdtoc (cdtoc, edits_pending, id, last_updated, medium) VALUES (893, 0, 327439, '2011-01-18 15:21:33.71184+00', 479654);
INSERT INTO medium_cdtoc (cdtoc, edits_pending, id, last_updated, medium) VALUES (98281, 0, 327440, '2011-01-18 15:21:33.71184+00', 479654);
INSERT INTO medium_cdtoc (cdtoc, edits_pending, id, last_updated, medium) VALUES (108503, 0, 327441, '2011-01-18 15:21:33.71184+00', 479654);
INSERT INTO medium_cdtoc (cdtoc, edits_pending, id, last_updated, medium) VALUES (354280, 0, 327442, '2011-01-18 15:21:33.71184+00', 479654);
INSERT INTO medium_cdtoc (cdtoc, edits_pending, id, last_updated, medium) VALUES (49930, 0, 327443, '2011-01-18 15:21:33.71184+00', 479654);
INSERT INTO medium_cdtoc (cdtoc, edits_pending, id, last_updated, medium) VALUES (181552, 0, 346318, '2011-01-18 15:21:33.71184+00', 513103);
INSERT INTO medium_cdtoc (cdtoc, edits_pending, id, last_updated, medium) VALUES (893, 0, 346319, '2011-01-18 15:21:33.71184+00', 513103);
INSERT INTO medium_cdtoc (cdtoc, edits_pending, id, last_updated, medium) VALUES (7927, 0, 346320, '2011-01-18 15:21:33.71184+00', 513103);
INSERT INTO medium_cdtoc (cdtoc, edits_pending, id, last_updated, medium) VALUES (49930, 0, 346321, '2011-01-18 15:21:33.71184+00', 513103);
INSERT INTO medium_cdtoc (cdtoc, edits_pending, id, last_updated, medium) VALUES (98281, 0, 346322, '2011-01-18 15:21:33.71184+00', 513103);
INSERT INTO medium_cdtoc (cdtoc, edits_pending, id, last_updated, medium) VALUES (354280, 0, 346323, '2011-01-18 15:21:33.71184+00', 513103);
INSERT INTO medium_cdtoc (cdtoc, edits_pending, id, last_updated, medium) VALUES (339838, 0, 346324, '2011-01-18 15:21:33.71184+00', 513103);
INSERT INTO medium_cdtoc (cdtoc, edits_pending, id, last_updated, medium) VALUES (316245, 0, 346325, '2011-01-18 15:21:33.71184+00', 513103);
INSERT INTO medium_cdtoc (cdtoc, edits_pending, id, last_updated, medium) VALUES (295235, 0, 346326, '2011-01-18 15:21:33.71184+00', 513103);
INSERT INTO medium_cdtoc (cdtoc, edits_pending, id, last_updated, medium) VALUES (291363, 0, 346327, '2011-01-18 15:21:33.71184+00', 513103);
INSERT INTO medium_cdtoc (cdtoc, edits_pending, id, last_updated, medium) VALUES (268087, 0, 346328, '2011-01-18 15:21:33.71184+00', 513103);
INSERT INTO medium_cdtoc (cdtoc, edits_pending, id, last_updated, medium) VALUES (108503, 0, 346329, '2011-01-18 15:21:33.71184+00', 513103);
INSERT INTO medium_cdtoc (cdtoc, edits_pending, id, last_updated, medium) VALUES (256078, 0, 346330, '2011-01-18 15:21:33.71184+00', 513103);
INSERT INTO medium_cdtoc (cdtoc, edits_pending, id, last_updated, medium) VALUES (184796, 0, 346331, '2011-01-18 15:21:33.71184+00', 513103);
INSERT INTO medium_cdtoc (cdtoc, edits_pending, id, last_updated, medium) VALUES (121086, 0, 346332, '2011-01-18 15:21:33.71184+00', 513103);
INSERT INTO medium_cdtoc (cdtoc, edits_pending, id, last_updated, medium) VALUES (152998, 0, 346333, '2011-01-18 15:21:33.71184+00', 513103);
INSERT INTO medium_cdtoc (cdtoc, edits_pending, id, last_updated, medium) VALUES (152998, 0, 369030, '2011-01-18 15:21:33.71184+00', 553372);
INSERT INTO medium_cdtoc (cdtoc, edits_pending, id, last_updated, medium) VALUES (121086, 0, 369031, '2011-01-18 15:21:33.71184+00', 553372);
INSERT INTO medium_cdtoc (cdtoc, edits_pending, id, last_updated, medium) VALUES (98281, 0, 369032, '2011-01-18 15:21:33.71184+00', 553372);
INSERT INTO medium_cdtoc (cdtoc, edits_pending, id, last_updated, medium) VALUES (108503, 0, 369033, '2011-01-18 15:21:33.71184+00', 553372);
INSERT INTO medium_cdtoc (cdtoc, edits_pending, id, last_updated, medium) VALUES (181552, 0, 369034, '2011-01-18 15:21:33.71184+00', 553372);
INSERT INTO medium_cdtoc (cdtoc, edits_pending, id, last_updated, medium) VALUES (49930, 0, 369035, '2011-01-18 15:21:33.71184+00', 553372);
INSERT INTO medium_cdtoc (cdtoc, edits_pending, id, last_updated, medium) VALUES (7927, 0, 369036, '2011-01-18 15:21:33.71184+00', 553372);
INSERT INTO medium_cdtoc (cdtoc, edits_pending, id, last_updated, medium) VALUES (184796, 0, 369037, '2011-01-18 15:21:33.71184+00', 553372);
INSERT INTO medium_cdtoc (cdtoc, edits_pending, id, last_updated, medium) VALUES (893, 0, 369038, '2011-01-18 15:21:33.71184+00', 553372);
INSERT INTO medium_cdtoc (cdtoc, edits_pending, id, last_updated, medium) VALUES (256078, 0, 369039, '2011-01-18 15:21:33.71184+00', 553372);
INSERT INTO medium_cdtoc (cdtoc, edits_pending, id, last_updated, medium) VALUES (268087, 0, 369040, '2011-01-18 15:21:33.71184+00', 553372);
INSERT INTO medium_cdtoc (cdtoc, edits_pending, id, last_updated, medium) VALUES (291363, 0, 369041, '2011-01-18 15:21:33.71184+00', 553372);
INSERT INTO medium_cdtoc (cdtoc, edits_pending, id, last_updated, medium) VALUES (295235, 0, 369042, '2011-01-18 15:21:33.71184+00', 553372);
INSERT INTO medium_cdtoc (cdtoc, edits_pending, id, last_updated, medium) VALUES (316245, 0, 369043, '2011-01-18 15:21:33.71184+00', 553372);
INSERT INTO medium_cdtoc (cdtoc, edits_pending, id, last_updated, medium) VALUES (339838, 0, 369044, '2011-01-18 15:21:33.71184+00', 553372);
INSERT INTO medium_cdtoc (cdtoc, edits_pending, id, last_updated, medium) VALUES (354280, 0, 369045, '2011-01-18 15:21:33.71184+00', 553372);
INSERT INTO medium_cdtoc (cdtoc, edits_pending, id, last_updated, medium) VALUES (354280, 0, 394728, '2011-01-18 15:21:33.71184+00', 601118);
INSERT INTO medium_cdtoc (cdtoc, edits_pending, id, last_updated, medium) VALUES (98281, 0, 394729, '2011-01-18 15:21:33.71184+00', 601118);
INSERT INTO medium_cdtoc (cdtoc, edits_pending, id, last_updated, medium) VALUES (339838, 0, 394730, '2011-01-18 15:21:33.71184+00', 601118);
INSERT INTO medium_cdtoc (cdtoc, edits_pending, id, last_updated, medium) VALUES (184796, 0, 394731, '2011-01-18 15:21:33.71184+00', 601118);
INSERT INTO medium_cdtoc (cdtoc, edits_pending, id, last_updated, medium) VALUES (152998, 0, 394732, '2011-01-18 15:21:33.71184+00', 601118);
INSERT INTO medium_cdtoc (cdtoc, edits_pending, id, last_updated, medium) VALUES (7927, 0, 394733, '2011-01-18 15:21:33.71184+00', 601118);
INSERT INTO medium_cdtoc (cdtoc, edits_pending, id, last_updated, medium) VALUES (108503, 0, 394734, '2011-01-18 15:21:33.71184+00', 601118);
INSERT INTO medium_cdtoc (cdtoc, edits_pending, id, last_updated, medium) VALUES (893, 0, 394735, '2011-01-18 15:21:33.71184+00', 601118);
INSERT INTO medium_cdtoc (cdtoc, edits_pending, id, last_updated, medium) VALUES (121086, 0, 394736, '2011-01-18 15:21:33.71184+00', 601118);
INSERT INTO medium_cdtoc (cdtoc, edits_pending, id, last_updated, medium) VALUES (295235, 0, 394737, '2011-01-18 15:21:33.71184+00', 601118);
INSERT INTO medium_cdtoc (cdtoc, edits_pending, id, last_updated, medium) VALUES (181552, 0, 394738, '2011-01-18 15:21:33.71184+00', 601118);
INSERT INTO medium_cdtoc (cdtoc, edits_pending, id, last_updated, medium) VALUES (49930, 0, 394739, '2011-01-18 15:21:33.71184+00', 601118);
INSERT INTO medium_cdtoc (cdtoc, edits_pending, id, last_updated, medium) VALUES (316245, 0, 394740, '2011-01-18 15:21:33.71184+00', 601118);
INSERT INTO medium_cdtoc (cdtoc, edits_pending, id, last_updated, medium) VALUES (291363, 0, 394741, '2011-01-18 15:21:33.71184+00', 601118);
INSERT INTO medium_cdtoc (cdtoc, edits_pending, id, last_updated, medium) VALUES (268087, 0, 394742, '2011-01-18 15:21:33.71184+00', 601118);
INSERT INTO medium_cdtoc (cdtoc, edits_pending, id, last_updated, medium) VALUES (256078, 0, 394743, '2011-01-18 15:21:33.71184+00', 601118);
INSERT INTO medium_cdtoc (cdtoc, edits_pending, id, last_updated, medium) VALUES (893, 0, 408710, '2011-01-18 15:21:33.71184+00', 630918);
INSERT INTO medium_cdtoc (cdtoc, edits_pending, id, last_updated, medium) VALUES (354280, 0, 408711, '2011-01-18 15:21:33.71184+00', 630918);
INSERT INTO medium_cdtoc (cdtoc, edits_pending, id, last_updated, medium) VALUES (339838, 0, 408712, '2011-01-18 15:21:33.71184+00', 630918);
INSERT INTO medium_cdtoc (cdtoc, edits_pending, id, last_updated, medium) VALUES (316245, 0, 408713, '2011-01-18 15:21:33.71184+00', 630918);
INSERT INTO medium_cdtoc (cdtoc, edits_pending, id, last_updated, medium) VALUES (295235, 0, 408714, '2011-01-18 15:21:33.71184+00', 630918);
INSERT INTO medium_cdtoc (cdtoc, edits_pending, id, last_updated, medium) VALUES (291363, 0, 408715, '2011-01-18 15:21:33.71184+00', 630918);
INSERT INTO medium_cdtoc (cdtoc, edits_pending, id, last_updated, medium) VALUES (268087, 0, 408716, '2011-01-18 15:21:33.71184+00', 630918);
INSERT INTO medium_cdtoc (cdtoc, edits_pending, id, last_updated, medium) VALUES (256078, 0, 408717, '2011-01-18 15:21:33.71184+00', 630918);
INSERT INTO medium_cdtoc (cdtoc, edits_pending, id, last_updated, medium) VALUES (184796, 0, 408718, '2011-01-18 15:21:33.71184+00', 630918);
INSERT INTO medium_cdtoc (cdtoc, edits_pending, id, last_updated, medium) VALUES (181552, 0, 408719, '2011-01-18 15:21:33.71184+00', 630918);
INSERT INTO medium_cdtoc (cdtoc, edits_pending, id, last_updated, medium) VALUES (152998, 0, 408720, '2011-01-18 15:21:33.71184+00', 630918);
INSERT INTO medium_cdtoc (cdtoc, edits_pending, id, last_updated, medium) VALUES (121086, 0, 408721, '2011-01-18 15:21:33.71184+00', 630918);
INSERT INTO medium_cdtoc (cdtoc, edits_pending, id, last_updated, medium) VALUES (108503, 0, 408722, '2011-01-18 15:21:33.71184+00', 630918);
INSERT INTO medium_cdtoc (cdtoc, edits_pending, id, last_updated, medium) VALUES (98281, 0, 408723, '2011-01-18 15:21:33.71184+00', 630918);
INSERT INTO medium_cdtoc (cdtoc, edits_pending, id, last_updated, medium) VALUES (49930, 0, 408724, '2011-01-18 15:21:33.71184+00', 630918);
INSERT INTO medium_cdtoc (cdtoc, edits_pending, id, last_updated, medium) VALUES (7927, 0, 408725, '2011-01-18 15:21:33.71184+00', 630918);
INSERT INTO medium_cdtoc (cdtoc, edits_pending, id, last_updated, medium) VALUES (121086, 0, 408726, '2011-01-18 15:21:33.71184+00', 630919);
INSERT INTO medium_cdtoc (cdtoc, edits_pending, id, last_updated, medium) VALUES (893, 0, 408727, '2011-01-18 15:21:33.71184+00', 630919);
INSERT INTO medium_cdtoc (cdtoc, edits_pending, id, last_updated, medium) VALUES (98281, 0, 408728, '2011-01-18 15:21:33.71184+00', 630919);
INSERT INTO medium_cdtoc (cdtoc, edits_pending, id, last_updated, medium) VALUES (108503, 0, 408729, '2011-01-18 15:21:33.71184+00', 630919);
INSERT INTO medium_cdtoc (cdtoc, edits_pending, id, last_updated, medium) VALUES (184796, 0, 408730, '2011-01-18 15:21:33.71184+00', 630919);
INSERT INTO medium_cdtoc (cdtoc, edits_pending, id, last_updated, medium) VALUES (181552, 0, 408731, '2011-01-18 15:21:33.71184+00', 630919);
INSERT INTO medium_cdtoc (cdtoc, edits_pending, id, last_updated, medium) VALUES (268087, 0, 408732, '2011-01-18 15:21:33.71184+00', 630919);
INSERT INTO medium_cdtoc (cdtoc, edits_pending, id, last_updated, medium) VALUES (152998, 0, 408733, '2011-01-18 15:21:33.71184+00', 630919);
INSERT INTO medium_cdtoc (cdtoc, edits_pending, id, last_updated, medium) VALUES (291363, 0, 408734, '2011-01-18 15:21:33.71184+00', 630919);
INSERT INTO medium_cdtoc (cdtoc, edits_pending, id, last_updated, medium) VALUES (354280, 0, 408735, '2011-01-18 15:21:33.71184+00', 630919);
INSERT INTO medium_cdtoc (cdtoc, edits_pending, id, last_updated, medium) VALUES (295235, 0, 408736, '2011-01-18 15:21:33.71184+00', 630919);
INSERT INTO medium_cdtoc (cdtoc, edits_pending, id, last_updated, medium) VALUES (339838, 0, 408737, '2011-01-18 15:21:33.71184+00', 630919);
INSERT INTO medium_cdtoc (cdtoc, edits_pending, id, last_updated, medium) VALUES (49930, 0, 408738, '2011-01-18 15:21:33.71184+00', 630919);
INSERT INTO medium_cdtoc (cdtoc, edits_pending, id, last_updated, medium) VALUES (7927, 0, 408739, '2011-01-18 15:21:33.71184+00', 630919);
INSERT INTO medium_cdtoc (cdtoc, edits_pending, id, last_updated, medium) VALUES (316245, 0, 408740, '2011-01-18 15:21:33.71184+00', 630919);
INSERT INTO medium_cdtoc (cdtoc, edits_pending, id, last_updated, medium) VALUES (256078, 0, 408741, '2011-01-18 15:21:33.71184+00', 630919);
INSERT INTO medium_cdtoc (cdtoc, edits_pending, id, last_updated, medium) VALUES (376870, 0, 50382, '2011-01-18 15:21:33.71184+00', 32094);
INSERT INTO medium_cdtoc (cdtoc, edits_pending, id, last_updated, medium) VALUES (10144, 0, 50383, '2011-01-18 15:21:33.71184+00', 32094);
INSERT INTO medium_cdtoc (cdtoc, edits_pending, id, last_updated, medium) VALUES (112902, 0, 50384, '2011-01-18 15:21:33.71184+00', 32094);
INSERT INTO medium_cdtoc (cdtoc, edits_pending, id, last_updated, medium) VALUES (146522, 0, 50385, '2011-01-18 15:21:33.71184+00', 32094);
INSERT INTO medium_cdtoc (cdtoc, edits_pending, id, last_updated, medium) VALUES (164606, 0, 50386, '2011-01-18 15:21:33.71184+00', 32094);
INSERT INTO medium_cdtoc (cdtoc, edits_pending, id, last_updated, medium) VALUES (252608, 0, 50387, '2011-01-18 15:21:33.71184+00', 32094);
INSERT INTO medium_cdtoc (cdtoc, edits_pending, id, last_updated, medium) VALUES (376870, 0, 344491, '2011-01-18 15:21:33.71184+00', 509518);
INSERT INTO medium_cdtoc (cdtoc, edits_pending, id, last_updated, medium) VALUES (252608, 0, 344492, '2011-01-18 15:21:33.71184+00', 509518);
INSERT INTO medium_cdtoc (cdtoc, edits_pending, id, last_updated, medium) VALUES (164606, 0, 344493, '2011-01-18 15:21:33.71184+00', 509518);
INSERT INTO medium_cdtoc (cdtoc, edits_pending, id, last_updated, medium) VALUES (10144, 0, 344494, '2011-01-18 15:21:33.71184+00', 509518);
INSERT INTO medium_cdtoc (cdtoc, edits_pending, id, last_updated, medium) VALUES (146522, 0, 344495, '2011-01-18 15:21:33.71184+00', 509518);
INSERT INTO medium_cdtoc (cdtoc, edits_pending, id, last_updated, medium) VALUES (112902, 0, 344496, '2011-01-18 15:21:33.71184+00', 509518);
INSERT INTO medium_cdtoc (cdtoc, edits_pending, id, last_updated, medium) VALUES (35066, 0, 168821, '2011-01-18 15:21:33.71184+00', 207481);
INSERT INTO medium_cdtoc (cdtoc, edits_pending, id, last_updated, medium) VALUES (38029, 0, 168822, '2011-01-18 15:21:33.71184+00', 207481);
INSERT INTO medium_cdtoc (cdtoc, edits_pending, id, last_updated, medium) VALUES (339241, 0, 168823, '2011-01-18 15:21:33.71184+00', 207481);
INSERT INTO medium_cdtoc (cdtoc, edits_pending, id, last_updated, medium) VALUES (314632, 0, 168824, '2011-01-18 15:21:33.71184+00', 207481);
INSERT INTO medium_cdtoc (cdtoc, edits_pending, id, last_updated, medium) VALUES (127389, 0, 168825, '2011-01-18 15:21:33.71184+00', 207481);
INSERT INTO medium_cdtoc (cdtoc, edits_pending, id, last_updated, medium) VALUES (258542, 0, 168826, '2011-01-18 15:21:33.71184+00', 207481);
INSERT INTO medium_cdtoc (cdtoc, edits_pending, id, last_updated, medium) VALUES (85413, 0, 168827, '2011-01-18 15:21:33.71184+00', 207481);
INSERT INTO medium_cdtoc (cdtoc, edits_pending, id, last_updated, medium) VALUES (194277, 0, 168828, '2011-01-18 15:21:33.71184+00', 207481);
INSERT INTO medium_cdtoc (cdtoc, edits_pending, id, last_updated, medium) VALUES (141117, 0, 168829, '2011-01-18 15:21:33.71184+00', 207481);
INSERT INTO medium_cdtoc (cdtoc, edits_pending, id, last_updated, medium) VALUES (35066, 0, 392181, '2011-01-18 15:21:33.71184+00', 596491);
INSERT INTO medium_cdtoc (cdtoc, edits_pending, id, last_updated, medium) VALUES (314632, 0, 392182, '2011-01-18 15:21:33.71184+00', 596491);
INSERT INTO medium_cdtoc (cdtoc, edits_pending, id, last_updated, medium) VALUES (85413, 0, 392183, '2011-01-18 15:21:33.71184+00', 596491);
INSERT INTO medium_cdtoc (cdtoc, edits_pending, id, last_updated, medium) VALUES (141117, 0, 392184, '2011-01-18 15:21:33.71184+00', 596491);
INSERT INTO medium_cdtoc (cdtoc, edits_pending, id, last_updated, medium) VALUES (194277, 0, 392185, '2011-01-18 15:21:33.71184+00', 596491);
INSERT INTO medium_cdtoc (cdtoc, edits_pending, id, last_updated, medium) VALUES (258542, 0, 392186, '2011-01-18 15:21:33.71184+00', 596491);
INSERT INTO medium_cdtoc (cdtoc, edits_pending, id, last_updated, medium) VALUES (38029, 0, 392187, '2011-01-18 15:21:33.71184+00', 596491);
INSERT INTO medium_cdtoc (cdtoc, edits_pending, id, last_updated, medium) VALUES (127389, 0, 392188, '2011-01-18 15:21:33.71184+00', 596491);
INSERT INTO medium_cdtoc (cdtoc, edits_pending, id, last_updated, medium) VALUES (339241, 0, 392189, '2011-01-18 15:21:33.71184+00', 596491);
INSERT INTO medium_cdtoc (cdtoc, edits_pending, id, last_updated, medium) VALUES (339241, 0, 392190, '2011-01-18 15:21:33.71184+00', 596492);
INSERT INTO medium_cdtoc (cdtoc, edits_pending, id, last_updated, medium) VALUES (194277, 0, 392191, '2011-01-18 15:21:33.71184+00', 596492);
INSERT INTO medium_cdtoc (cdtoc, edits_pending, id, last_updated, medium) VALUES (38029, 0, 392192, '2011-01-18 15:21:33.71184+00', 596492);
INSERT INTO medium_cdtoc (cdtoc, edits_pending, id, last_updated, medium) VALUES (141117, 0, 392193, '2011-01-18 15:21:33.71184+00', 596492);
INSERT INTO medium_cdtoc (cdtoc, edits_pending, id, last_updated, medium) VALUES (314632, 0, 392194, '2011-01-18 15:21:33.71184+00', 596492);
INSERT INTO medium_cdtoc (cdtoc, edits_pending, id, last_updated, medium) VALUES (258542, 0, 392195, '2011-01-18 15:21:33.71184+00', 596492);
INSERT INTO medium_cdtoc (cdtoc, edits_pending, id, last_updated, medium) VALUES (127389, 0, 392196, '2011-01-18 15:21:33.71184+00', 596492);
INSERT INTO medium_cdtoc (cdtoc, edits_pending, id, last_updated, medium) VALUES (35066, 0, 392197, '2011-01-18 15:21:33.71184+00', 596492);
INSERT INTO medium_cdtoc (cdtoc, edits_pending, id, last_updated, medium) VALUES (85413, 0, 392198, '2011-01-18 15:21:33.71184+00', 596492);
INSERT INTO medium_cdtoc (cdtoc, edits_pending, id, last_updated, medium) VALUES (85413, 0, 430412, '2011-01-18 15:21:33.71184+00', 672077);
INSERT INTO medium_cdtoc (cdtoc, edits_pending, id, last_updated, medium) VALUES (127389, 0, 430413, '2011-01-18 15:21:33.71184+00', 672077);
INSERT INTO medium_cdtoc (cdtoc, edits_pending, id, last_updated, medium) VALUES (141117, 0, 430414, '2011-01-18 15:21:33.71184+00', 672077);
INSERT INTO medium_cdtoc (cdtoc, edits_pending, id, last_updated, medium) VALUES (194277, 0, 430415, '2011-01-18 15:21:33.71184+00', 672077);
INSERT INTO medium_cdtoc (cdtoc, edits_pending, id, last_updated, medium) VALUES (339241, 0, 430416, '2011-01-18 15:21:33.71184+00', 672077);
INSERT INTO medium_cdtoc (cdtoc, edits_pending, id, last_updated, medium) VALUES (38029, 0, 430417, '2011-01-18 15:21:33.71184+00', 672077);
INSERT INTO medium_cdtoc (cdtoc, edits_pending, id, last_updated, medium) VALUES (314632, 0, 430418, '2011-01-18 15:21:33.71184+00', 672077);
INSERT INTO medium_cdtoc (cdtoc, edits_pending, id, last_updated, medium) VALUES (258542, 0, 430419, '2011-01-18 15:21:33.71184+00', 672077);
INSERT INTO medium_cdtoc (cdtoc, edits_pending, id, last_updated, medium) VALUES (35066, 0, 430420, '2011-01-18 15:21:33.71184+00', 672077);
INSERT INTO medium_cdtoc (cdtoc, edits_pending, id, last_updated, medium) VALUES (248388, 0, 269967, '2011-01-18 15:21:33.71184+00', 375273);

-- Assorted

INSERT INTO editor (id, name, password, ha1, email, email_confirm_date) VALUES (95821, 'the-anti-kuno', '{CLEARTEXT}notreally', '79237ef54f6d3b8711030c0d6d5939a0', 'foo@example.com', now());

INSERT INTO edit (autoedit, close_time, data, editor, expire_time, id, language, no_votes, open_time, quality, status, type, yes_votes) VALUES (0, NULL, '{}', 95821, '2013-04-16 17:42:38.063723+00', 1, NULL, 0, '2013-04-02 17:42:38.063723+00', 1, 2, 314, 0);
SELECT setval('edit_id_seq', (SELECT max(id) FROM edit));

INSERT INTO cover_art_archive.cover_art (comment, mime_type, date_uploaded, edit, edits_pending, id, ordering, release) VALUES ('', 'image/jpeg', '2012-05-24 07:35:13.984115+00', 1, 0, '1031598329', 1, 59662);

INSERT INTO cover_art_archive.cover_art_type (id, type_id) VALUES ('1031598329', 1);

-- Relationships

INSERT INTO link_type (child_order, description, entity_type0, entity_type1, gid, id, last_updated, link_phrase, name, parent, priority, reverse_link_phrase, long_link_phrase) VALUES (0, '', 'artist', 'artist', '92859e2a-f2e5-45fa-a680-3f62ba0beccc', 121, '2011-01-18 15:31:00.495651+00', 'musical relationship ', 'musical relationships', NULL, 0, 'musical relationship', 'musical relationships');
INSERT INTO link_type (child_order, description, entity_type0, entity_type1, gid, id, last_updated, link_phrase, name, parent, priority, reverse_link_phrase, long_link_phrase) VALUES (0, 'Indicates a membership in a band/orchestra. Use this for groups that exist over some period of time and possibly have a name. Do not use this for short time projects or cooperations of two artists on a few tracks or one album. Use the cooperation type for such cases. (<a href="http://musicbrainz.org/doc/Member_Of_Band_Relationship_Type">Details</a>)', 'artist', 'artist', '5be4c609-9afa-4ea0-910b-12ffb71e3821', 111, '2011-01-18 15:31:00.495651+00', '{additional} {founder:founding} member of', 'member of band', 121, 0, '{additional} {founder:founding} members', 'member of band');
INSERT INTO link_type (child_order, description, entity_type0, entity_type1, gid, id, last_updated, link_phrase, name, parent, priority, reverse_link_phrase, long_link_phrase) VALUES (0, 'Indicates a collaboration between two artist or among several artists. Use this for projects, single albums, or even tracks where some artists worked together, but did not form a lasting group. For groups you should use the membership type. (<a href="http://musicbrainz.org/doc/Collaboration_Relationship_Type">Details</a>)', 'artist', 'artist', '75c09861-6857-4ec0-9729-84eefde7fc86', 110, '2011-01-18 15:31:00.495651+00', '{additional} {minor} collaborator on', 'collaboration', 121, 0, '{additional} {minor} collaborators', 'collaboration');
INSERT INTO link_type (child_order, description, entity_type0, entity_type1, gid, id, last_updated, link_phrase, name, parent, priority, reverse_link_phrase, long_link_phrase) VALUES (0, '', 'artist', 'recording', 'f8673e29-02a5-47b7-af61-dd4519328dd0', 147, '2011-01-18 15:31:00.495651+00', 'performance', 'performance', NULL, 0, 'performance', 'performance');
INSERT INTO link_type (child_order, description, entity_type0, entity_type1, gid, id, last_updated, link_phrase, name, parent, priority, reverse_link_phrase, long_link_phrase) VALUES (0, 'Indicates an artist that performed on this work. (<a href="http://musicbrainz.org/doc/Performer_Relationship_Type">Details</a>)', 'artist', 'recording', '628a9658-f54c-4142-b0c0-95f031b544da', 165, '2011-01-18 15:31:00.495651+00', '{additional:additionally} {guest} performed', 'performer', 147, 0, '{additional} {guest} performer', 'performer');
INSERT INTO link_type (child_order, description, entity_type0, entity_type1, gid, id, last_updated, link_phrase, name, parent, priority, reverse_link_phrase, long_link_phrase) VALUES (1, 'Indicates an artist performed in a particular voice on this work. (<a href="http://musicbrainz.org/doc/Performer_Relationship_Type">Details</a>)', 'artist', 'recording', '0fdbe3c6-7700-4a31-ae54-b53f06ae1cfa', 158, '2011-01-18 15:31:00.495651+00', '{additional} {guest} {vocal} vocals', 'vocal', 165, 0, '{additional} {guest} {vocal} vocals', 'vocal');
INSERT INTO link_type (child_order, description, entity_type0, entity_type1, gid, id, last_updated, link_phrase, name, parent, priority, reverse_link_phrase, long_link_phrase) VALUES (3, '', 'artist', 'recording', 'b367fae0-c4b0-48b9-a40c-f3ae4c02cffc', 150, '2011-01-18 15:31:00.495651+00', 'production ', 'production ', NULL, 0, 'production', 'production ');
INSERT INTO link_type (child_order, description, entity_type0, entity_type1, gid, id, last_updated, link_phrase, name, parent, priority, reverse_link_phrase, long_link_phrase) VALUES (0, 'Indicates the producer, co-producer, executive producer or co-executive producer for this work. (<a href="http://musicbrainz.org/doc/Producer_Relationship_Type">Details</a>)', 'artist', 'recording', '5c0ceac3-feb4-41f0-868d-dc06f6e27fc0', 149, '2011-01-18 15:31:00.495651+00', '{additional:additionally} {assistant} {associate} {co:co-}{executive:executive }produced', 'producer', 150, 0, '{additional} {assistant} {associate} {co:co-}{executive:executive }producer', 'producer');
INSERT INTO link_type (child_order, description, entity_type0, entity_type1, gid, id, last_updated, link_phrase, name, parent, priority, reverse_link_phrase, long_link_phrase) VALUES (1, 'Indicates the engineer for this work. (<a href="http://musicbrainz.org/doc/Engineer_Relationship_Type">Details</a>)', 'artist', 'recording', '5dcc52af-7064-4051-8d62-7d80f4c3c907', 145, '2011-01-18 15:31:00.495651+00', '{additional:additionally} {assistant} {associate} {co:co-}{executive:executive }engineered', 'engineer', 150, 0, '{additional} {assistant} {associate} {co:co-}{executive:executive }engineer', 'engineer');
INSERT INTO link_type (child_order, description, entity_type0, entity_type1, gid, id, last_updated, link_phrase, name, parent, priority, reverse_link_phrase, long_link_phrase) VALUES (5, 'This relationship links a track or a release to the person who did programming of electronic instruments. (<a href="http://musicbrainz.org/doc/Programming_Relationship_Type">Details</a>)', 'artist', 'recording', '36c50022-44e0-488d-994b-33f11d20301e', 139, '2011-01-18 15:31:00.495651+00', '{additional} {assistant} {associate} {instrument} programming', 'programming', 145, 0, '{additional} {assistant} {associate} {instrument} programming', 'programming');
INSERT INTO link_type (child_order, description, entity_type0, entity_type1, gid, id, last_updated, link_phrase, name, parent, priority, reverse_link_phrase, long_link_phrase) VALUES (0, '', 'artist', 'release', '8db9d0b7-ca39-43a6-8c72-9a47f811229e', 38, '2011-01-18 15:31:00.495651+00', 'performance', 'performance', NULL, 0, 'performance', 'performance');
INSERT INTO link_type (child_order, description, entity_type0, entity_type1, gid, id, last_updated, link_phrase, name, parent, priority, reverse_link_phrase, long_link_phrase) VALUES (0, 'Indicates an artist that performed on this work. (<a href="http://musicbrainz.org/doc/Performer_Relationship_Type">Details</a>)', 'artist', 'release', '888a2320-52e4-4fe8-a8a0-7a4c8dfde167', 55, '2011-01-18 15:31:00.495651+00', '{additional:additionally} {guest} performed', 'performer', 38, 0, '{additional} {guest} performer', 'performer');
INSERT INTO link_type (child_order, description, entity_type0, entity_type1, gid, id, last_updated, link_phrase, name, parent, priority, reverse_link_phrase, long_link_phrase) VALUES (1, 'Indicates an artist performed in a particular voice on this work. (<a href="http://musicbrainz.org/doc/Performer_Relationship_Type">Details</a>)', 'artist', 'release', 'eb10f8a0-0f4c-4dce-aa47-87bcb2bc42f3', 64, '2011-01-18 15:31:00.495651+00', '{additional} {guest} {vocal} vocals', 'vocal', 55, 0, '{additional} {guest} {vocal} vocals', 'vocal');
INSERT INTO link_type (child_order, description, entity_type0, entity_type1, gid, id, last_updated, link_phrase, name, parent, priority, reverse_link_phrase, long_link_phrase) VALUES (3, '', 'artist', 'release', '3172a175-7c9d-44ce-a8b7-9a9187b33762', 58, '2011-01-18 15:31:00.495651+00', 'production', 'production ', NULL, 0, 'production ', 'production ');
INSERT INTO link_type (child_order, description, entity_type0, entity_type1, gid, id, last_updated, link_phrase, name, parent, priority, reverse_link_phrase, long_link_phrase) VALUES (2, 'Indicates a miscellaneous support role. This is usually stated in the liner notes of an album. (<a href="http://musicbrainz.org/doc/Miscellaneous_Production_Relationship_Type">Details</a>)', 'artist', 'release', '0b63af5e-85b2-4891-8234-bddab251399d', 29, '2011-01-18 15:31:00.495651+00', 'miscellaneous roles', 'misc', 58, 0, 'miscellaneous support', 'misc');
INSERT INTO link_type (child_order, description, entity_type0, entity_type1, gid, id, last_updated, link_phrase, name, parent, priority, reverse_link_phrase, long_link_phrase) VALUES (5, 'Indicates a person or agency that did the design/illustration for this album. (<a href="http://musicbrainz.org/doc/Miscellaneous_Production_Relationship_Type">Details</a>)', 'artist', 'release', '307e95dd-88b5-419b-8223-b146d4a0d439', 20, '2011-01-18 15:31:00.495651+00', '{additional} design/illustration', 'design/illustration', 29, 0, '{additional} design/illustration', 'design/illustration');
INSERT INTO link_type (child_order, description, entity_type0, entity_type1, gid, id, last_updated, link_phrase, name, parent, priority, reverse_link_phrase, long_link_phrase) VALUES (0, 'Indicates the producer, co-producer, executive producer or co-executive producer for this work. (<a href="http://musicbrainz.org/doc/Producer_Relationship_Type">Details</a>)', 'artist', 'release', '8bf377ba-8d71-4ecc-97f2-7bb2d8a2a75f', 34, '2011-01-18 15:31:00.495651+00', '{additional:additionally} {assistant} {associate} {co:co-}{executive:executive }produced', 'producer', 58, 0, '{additional} {assistant} {associate} {co:co-}{executive:executive }producer', 'producer');
INSERT INTO link_type (child_order, description, entity_type0, entity_type1, gid, id, last_updated, link_phrase, name, parent, priority, reverse_link_phrase, long_link_phrase) VALUES (4, 'Indicates a person or agency that did the art direction for this album. (<a href="http://musicbrainz.org/doc/Miscellaneous_Production_Relationship_Type">Details</a>)', 'artist', 'release', 'f3b80a09-5ebf-4ad2-9c46-3e6bce971d1b', 19, '2011-01-18 15:31:00.495651+00', '{additional} art direction', 'art direction', 29, 0, '{additional} art direction', 'art direction');
INSERT INTO link_type (child_order, description, entity_type0, entity_type1, gid, id, last_updated, link_phrase, name, parent, priority, reverse_link_phrase, long_link_phrase) VALUES (0, '', 'artist', 'label', 'e74a40e7-0f27-4e05-bdbd-eb10f5309472', 127, '2011-01-18 15:31:00.495651+00', 'contract', 'contract', NULL, 0, 'contract', 'contract');
INSERT INTO link_type (child_order, description, entity_type0, entity_type1, gid, id, last_updated, link_phrase, name, parent, priority, reverse_link_phrase, long_link_phrase) VALUES (2, 'Describes the fact a person was contracted by a label in a creative position. (<a href="http://musicbrainz.org/doc/Creative_Position_Relationship_Type">Details</a>)', 'artist', 'label', '85d1947c-1986-42f0-947c-80aab72a548f', 123, '2011-01-18 15:31:00.495651+00', 'creative position', 'creative position', 127, 0, 'creative persons', 'creative position');
INSERT INTO link_type (child_order, description, entity_type0, entity_type1, gid, id, last_updated, link_phrase, name, parent, priority, reverse_link_phrase, long_link_phrase) VALUES (0, 'This relationship type can be used to link a label to the person(s) who founded it. (<a href="http://musicbrainz.org/doc/Label_Founder_Relationship_Type">Details</a>)', 'artist', 'label', '577996f3-7ff9-45cf-877e-740fb1267a63', 124, '2011-01-18 15:31:00.495651+00', 'founded', 'label founder', 127, 0, 'founders', 'label founder');
INSERT INTO link_type (child_order, description, entity_type0, entity_type1, gid, id, last_updated, link_phrase, name, parent, priority, reverse_link_phrase, long_link_phrase) VALUES (3, 'Should be used to describe the fact an artist signed a recording contract with a label. (<a href="http://musicbrainz.org/doc/Recording_Contract_Relationship_Type">Details</a>)', 'artist', 'label', 'b336d682-592f-4486-9f45-3d5d59895bdc', 129, '2011-01-18 15:31:00.495651+00', 'signed by', 'recording contract', 127, 0, 'signed', 'recording contract');
INSERT INTO link_type (child_order, description, entity_type0, entity_type1, gid, id, last_updated, link_phrase, name, parent, priority, reverse_link_phrase, long_link_phrase) VALUES (3, '', 'artist', 'url', 'd94fb61c-fa20-4e3c-a19a-71a949fb2c55', 196, '2011-01-18 15:31:00.495651+00', 'other databases', 'other databases', NULL, 0, 'other databases', 'other databases');
INSERT INTO link_type (child_order, description, entity_type0, entity_type1, gid, id, last_updated, link_phrase, name, parent, priority, reverse_link_phrase, long_link_phrase) VALUES (1, 'Points to the Discogs page for this artist. Always use the domain <code>www.discogs.com</code> and no genre subdomains. (<a href="http://musicbrainz.org/doc/Discogs_Relationship_Type">Details</a>)', 'artist', 'url', '04a5b104-a4c2-4bac-99a1-7b837c37d9e4', 188, '2011-01-18 15:31:00.495651+00', 'Discogs', 'discogs', 196, 0, 'Discogs page for', 'discogs');
INSERT INTO link_type (child_order, description, entity_type0, entity_type1, gid, id, last_updated, link_phrase, name, parent, priority, reverse_link_phrase, long_link_phrase) VALUES (0, 'Points to the Internet Movie Database page for this artist. URLs should follow the format <code>http://www.imdb.com/name/&lt;ID&gt;/</code>. (<a href="http://musicbrainz.org/doc/IMDb_Relationship_Type">Details</a>)', 'artist', 'url', '94c8b0cc-4477-4106-932c-da60e63de61c', 186, '2011-01-18 15:31:00.495651+00', 'IMDb', 'IMDb', 196, 0, 'IMDb page for', 'IMDb');
INSERT INTO link_type (child_order, description, entity_type0, entity_type1, gid, id, last_updated, link_phrase, name, parent, priority, reverse_link_phrase, long_link_phrase) VALUES (0, '', 'artist', 'url', 'd0c5cf3a-8afb-4d24-ad47-00f43dc509fe', 198, '2011-01-18 15:31:00.495651+00', 'discography ', 'discography ', NULL, 0, 'discography', 'discography ');
INSERT INTO link_type (child_order, description, entity_type0, entity_type1, gid, id, last_updated, link_phrase, name, parent, priority, reverse_link_phrase, long_link_phrase) VALUES (0, 'Indicates a pictorial image (JPEG, GIF, PNG) of an artist. (<a href="http://musicbrainz.org/doc/Image_Relationship_Type">Details</a>)', 'artist', 'url', '221132e9-e30e-43f2-a741-15afc4c5fa7c', 181, '2011-01-18 15:31:00.495651+00', 'pictures', 'image', 198, 0, 'picture of', 'image');
INSERT INTO link_type (child_order, description, entity_type0, entity_type1, gid, id, last_updated, link_phrase, name, parent, priority, reverse_link_phrase, long_link_phrase) VALUES (1, 'This relationship type can be used to link a MusicBrainz artist to their online community pages. In addition to providing a link for users to find more information, and listen to music of the artist, online community sites are often used by many artists in lieu of, or additionally to, their official homepage. (<a href="http://musicbrainz.org/doc/Online_Community_Relationship_Type">Details</a>)', 'artist', 'url', '35b3a50f-bf0e-4309-a3b4-58eeed8cee6a', 193, '2011-01-18 15:31:00.495651+00', 'online communities', 'online community', NULL, 0, 'online community page for', 'online community');
INSERT INTO link_type (child_order, description, entity_type0, entity_type1, gid, id, last_updated, link_phrase, name, parent, priority, reverse_link_phrase, long_link_phrase) VALUES (3, 'This relationship type can be used to link a MusicBrainz artist to their weblogs (<a href="http://musicbrainz.org/doc/Blog_Relationship_Type">Details</a>).', 'artist', 'url', 'eb535226-f8ca-499d-9b18-6a144df4ae6f', 208, '2011-01-18 15:31:00.495651+00', 'blogs', 'blog', 193, 0, 'blog of', 'blog');
INSERT INTO link_type (child_order, description, entity_type0, entity_type1, gid, id, last_updated, link_phrase, name, parent, priority, reverse_link_phrase, long_link_phrase) VALUES (0, 'This relationship type can be used to link a MusicBrainz artist to the equivalent entry in MySpace. Please, use URLs in format <code>http://www.myspace.com/&lt;artist&gt;</code> (<a href="http://musicbrainz.org/doc/MySpace_Relationship_Type">Details</a>)', 'artist', 'url', 'bac47923-ecde-4b59-822e-d08f0cd10156', 197, '2011-01-18 15:31:00.495651+00', 'MySpace', 'myspace', 193, 0, 'MySpace page for', 'myspace');
INSERT INTO link_type (child_order, description, entity_type0, entity_type1, gid, id, last_updated, link_phrase, name, parent, priority, reverse_link_phrase, long_link_phrase) VALUES (0, 'Points to the Wikipedia page for this artist. (<a href="http://musicbrainz.org/doc/Wikipedia_Relationship_Type">Details</a>)', 'artist', 'url', '29651736-fa6d-48e4-aadc-a557c6add1cb', 187, '2011-01-18 15:31:00.495651+00', 'Wikipedia', 'wikipedia', 196, 0, 'Wikipedia page for', 'wikipedia');
INSERT INTO link_type (child_order, description, entity_type0, entity_type1, gid, id, last_updated, link_phrase, name, parent, priority, reverse_link_phrase, long_link_phrase) VALUES (4, 'This link is used to link to specific artists on the /music pages at the BBC web site. (<a href="http://musicbrainz.org/doc/BBC_Music_Relationship_Type">Details</a>)', 'artist', 'url', 'd028a975-000c-4525-9333-d3c8425e4b54', 199, '2011-01-18 15:31:00.495651+00', 'BBC Music', 'BBC Music page', 198, 0, 'BBC Music page for', 'BBC Music page');
INSERT INTO link_type (child_order, description, entity_type0, entity_type1, gid, id, last_updated, link_phrase, name, parent, priority, reverse_link_phrase, long_link_phrase) VALUES (0, 'Indicates the official homepage for an artist. (<a href="http://musicbrainz.org/doc/Official_Homepage_Relationship_Type">Details</a>)', 'artist', 'url', 'fe33d22f-c3b0-4d68-bd53-a856badf2b15', 191, '2011-01-18 15:31:00.495651+00', 'official homepages', 'official homepage', 198, 0, 'official homepage for', 'official homepage');
INSERT INTO link_type (child_order, description, entity_type0, entity_type1, gid, id, last_updated, link_phrase, name, parent, priority, reverse_link_phrase, long_link_phrase) VALUES (1, 'Indicates a homepage by a fan for an artist. (<a href="http://musicbrainz.org/doc/Fanpage_Relationship_Type">Details</a>)', 'artist', 'url', 'f484f897-81cc-406e-96f9-cd799a04ee24', 180, '2011-01-18 15:31:00.495651+00', 'fan pages', 'fanpage', 198, 0, 'fan page for', 'fanpage');
INSERT INTO link_type (child_order, description, entity_type0, entity_type1, gid, id, last_updated, link_phrase, name, parent, priority, reverse_link_phrase, long_link_phrase) VALUES (3, 'Indicates a webpage with a discography of an artist. (<a href="http://musicbrainz.org/doc/Discography_Relationship_Type">Details</a>)', 'artist', 'url', '4fb0eeec-a6eb-4ae3-ad52-b55765b94e8f', 192, '2011-01-18 15:31:00.495651+00', 'discography pages', 'discography', 198, 0, 'discography page for', 'discography');
INSERT INTO link_type (child_order, description, entity_type0, entity_type1, gid, id, last_updated, link_phrase, name, parent, priority, reverse_link_phrase, long_link_phrase) VALUES (2, 'Points to the MusicMoz page for this artist. (<a href="http://musicbrainz.org/doc/MusicMoz_Relationship_Type">Details</a>)', 'artist', 'url', 'ded9a80a-e6de-4831-880c-c78b9981b54b', 189, '2011-01-18 15:31:00.495651+00', 'MusicMoz', 'musicmoz', 196, 0, 'MusicMoz page for', 'musicmoz');
INSERT INTO link_type (child_order, description, entity_type0, entity_type1, gid, id, last_updated, link_phrase, name, parent, priority, reverse_link_phrase, long_link_phrase) VALUES (3, 'This relationship type can be used to link a MusicBrainz artist to their microblog on a service such as Twitter or identi.ca (<a href="http://musicbrainz.org/doc/Microblog_Relationship_Type">Details</a>).', 'artist', 'url', '9309af3a-ebb6-4960-aebb-d286bd3ed1c7', 207, '2011-01-18 15:31:00.495651+00', 'microblogs', 'microblog', 193, 0, 'microblog for', 'microblog');
INSERT INTO link_type (child_order, description, entity_type0, entity_type1, gid, id, last_updated, link_phrase, name, parent, priority, reverse_link_phrase, long_link_phrase) VALUES (1, 'This relationship type can be used to link a MusicBrainz artist to the equivalent entry in PureVolume. Please use URLs in the format <code>http://www.purevolume.com/&lt;artist&gt;</code> (<a href="http://musicbrainz.org/doc/PureVolume_Relationship_Type">Details</a>)', 'artist', 'url', 'b6f02157-a9d3-4f24-9057-0675b2dbc581', 182, '2011-01-18 15:31:00.495651+00', 'PureVolume', 'purevolume', 193, 0, 'PureVolume page for', 'purevolume');
INSERT INTO link_type (child_order, description, entity_type0, entity_type1, gid, id, last_updated, link_phrase, name, parent, priority, reverse_link_phrase, long_link_phrase) VALUES (0, 'This link is used to associate an artist or label with their page on a social networking site such as Facebook or Last.fm. (<a href="http://musicbrainz.org/doc/Social_Networking_Relationship_Type">Details</a>)', 'artist', 'url', '99429741-f3f6-484b-84f8-23af51991770', 202, '2011-01-18 15:31:00.495651+00', 'social networking', 'social network', 193, 3, 'social networking page for', 'social network');
INSERT INTO link_type (child_order, description, entity_type0, entity_type1, gid, id, last_updated, link_phrase, name, parent, priority, reverse_link_phrase, long_link_phrase) VALUES (3, 'Foo', 'artist', 'work', '21d842db-81d4-4d30-a0bd-8c6cc07e1dc2', 1222, '2011-01-18 15:31:00.495651+00', 'composer', 'composer', NULL, 0, 'composer of', 'composer');
INSERT INTO link_type (child_order, description, entity_type0, entity_type1, gid, id, last_updated, link_phrase, name, parent, priority, reverse_link_phrase, long_link_phrase) VALUES (0, '', 'recording', 'recording', '6a76ad99-cc5d-4ebc-a6e4-b2eb2eb3ad98', 245, '2011-01-18 15:31:00.495651+00', 'covers or other versions ', 'covers and versions ', NULL, 0, 'covers or other versions', 'covers and versions ');
INSERT INTO link_type (child_order, description, entity_type0, entity_type1, gid, id, last_updated, link_phrase, name, parent, priority, reverse_link_phrase, long_link_phrase) VALUES (4, 'Indicates that a track is a karaoke version of another track. A karaoke version is a version of the song with the main vocals removed, designed to be used for karaoke. (<a href="/doc/Karaoke_Version_Relationship_Type">Details</a>)', 'recording', 'recording', '39a08d0e-26e4-44fb-ae19-906f5fe9435d', 235, '2011-01-18 15:31:00.495651+00', 'karaoke versions', 'karaoke', 245, 0, 'karaoke version of', 'karaoke');
INSERT INTO link_type (child_order, description, entity_type0, entity_type1, gid, id, last_updated, link_phrase, name, parent, priority, reverse_link_phrase, long_link_phrase) VALUES (1, '', 'recording', 'recording', '1baddd63-4539-4d49-ae43-600df9ef4647', 246, '2011-01-18 15:31:00.495651+00', 'remixes ', 'remixes ', NULL, 0, 'remixes', 'remixes ');
INSERT INTO link_type (child_order, description, entity_type0, entity_type1, gid, id, last_updated, link_phrase, name, parent, priority, reverse_link_phrase, long_link_phrase) VALUES (0, 'Indicates that a track contains samples from another (or more) tracks. (<a href="http://musicbrainz.org/doc/Samples_Relationship_Type">Details</a>)', 'recording', 'recording', '9efd9ce9-e702-448b-8e76-641515e8fe62', 242, '2011-01-18 15:31:00.495651+00', '{additional} samples', 'samples material', 246, 0, '{additional:additionally} sampled by', 'samples material');
INSERT INTO link_type (child_order, description, entity_type0, entity_type1, gid, id, last_updated, link_phrase, name, parent, priority, reverse_link_phrase, long_link_phrase) VALUES (0, '', 'recording', 'work', 'fdc57134-e05c-30bc-aff6-425684475276', 285, '2011-01-18 15:31:00.495651+00', 'is a performance of', 'performance', NULL, 0, 'has performance', 'performance');
INSERT INTO link_type (child_order, description, entity_type0, entity_type1, gid, id, last_updated, link_phrase, name, parent, priority, reverse_link_phrase, long_link_phrase) VALUES (0, 'Indicates that a track contains samples from an album. (<a href="http://musicbrainz.org/doc/Samples_Relationship_Type">Details</a>)', 'recording', 'release', '967746f9-9d79-456c-9d1e-50116f0b27fc', 71, '2011-01-18 15:31:00.495651+00', '{additional} {instrument} samples from', 'samples material', NULL, 0, '{additional:additionally} {instrument} sampled by', 'samples material');
INSERT INTO link_type (child_order, description, entity_type0, entity_type1, gid, id, last_updated, link_phrase, name, parent, priority, reverse_link_phrase, long_link_phrase) VALUES (3, '', 'release_group', 'url', '87d1e331-d265-3e73-b98c-6f3cb69f07a4', 101, '2011-01-18 15:31:00.495651+00', 'other databases', 'other databases', NULL, 0, 'other databases', 'other databases');
INSERT INTO link_type (child_order, description, entity_type0, entity_type1, gid, id, last_updated, link_phrase, name, parent, priority, reverse_link_phrase, long_link_phrase) VALUES (0, 'Points to the Wikipedia page for this album. (<a href="http://musicbrainz.org/doc/Wikipedia_Relationship_Type">Details</a>)', 'release_group', 'url', '6578f0e9-1ace-4095-9de8-6e517ddb1ceb', 94, '2011-01-18 15:31:00.495651+00', 'Wikipedia', 'wikipedia', 101, 0, 'Wikipedia page for', 'wikipedia');
INSERT INTO link_type (child_order, description, entity_type0, entity_type1, gid, id, last_updated, link_phrase, name, parent, priority, reverse_link_phrase, long_link_phrase) VALUES (1, 'Points to the Discogs page for this album. Always use the domain <code>www.discogs.com</code> and no genre subdomains. (<a href="http://musicbrainz.org/doc/Discogs_Relationship_Type">Details</a>)', 'release_group', 'url', '09086c52-8b3b-3894-a8d5-6178e71b62f6', 95, '2011-01-18 15:31:00.495651+00', 'has a Discogs page at', 'discogs', 101, 0, 'is a Discogs page for', 'discogs');
INSERT INTO link_type (child_order, description, entity_type0, entity_type1, gid, id, last_updated, link_phrase, name, parent, priority, reverse_link_phrase, long_link_phrase) VALUES (0, '', 'release', 'release', '3676d4aa-2fa7-435f-b83f-cdbbe4740938', 7, '2011-01-18 15:31:00.495651+00', 'covers or other versions ', 'covers and versions ', NULL, 0, 'covers or other versions', 'covers and versions ');
INSERT INTO link_type (child_order, description, entity_type0, entity_type1, gid, id, last_updated, link_phrase, name, parent, priority, reverse_link_phrase, long_link_phrase) VALUES (5, 'Indicates that an album has translated or transliterated titles on another album release. This relationship does not indicate a cover where the lyrics have been translated (that should be indicated with "cover" instead, although both relationships could apply in some cases). This relationship should only be used when the number, order, and audio of the tracks on the two albums are identical, and each of the titles corresponds in meaning. (<a href="http://musicbrainz.org/doc/Translation_Transliteration_Relationship_Type">Details</a>)', 'release', 'release', 'fc399d47-23a7-4c28-bfcf-0607a562b644', 4, '2011-01-18 15:31:00.495651+00', 'transl{transliterated:iter}ated track listings', 'transl-tracklisting', 7, 0, 'transl{transliterated:iter}ated track listing of', 'transl-tracklisting');
INSERT INTO link_type (child_order, description, entity_type0, entity_type1, gid, id, last_updated, link_phrase, name, parent, priority, reverse_link_phrase, long_link_phrase) VALUES (3, '', 'release', 'url', 'c74dee45-3c85-41e9-a804-92ab1c654446', 87, '2011-01-18 15:31:00.495651+00', 'other databases', 'other databases', NULL, 0, 'other databases', 'other databases');
INSERT INTO link_type (child_order, description, entity_type0, entity_type1, gid, id, last_updated, link_phrase, name, parent, priority, reverse_link_phrase, long_link_phrase) VALUES (1, 'Points to the Discogs page for this album. Always use the domain <code>www.discogs.com</code> and no genre subdomains. (<a href="http://musicbrainz.org/doc/Discogs_Relationship_Type">Details</a>)', 'release', 'url', '4a78823c-1c53-4176-a5f3-58026c76f2bc', 77, '2011-01-18 15:31:00.495651+00', 'Discogs', 'discogs', 87, 0, 'Discogs page for', 'discogs');
INSERT INTO link_type (child_order, description, entity_type0, entity_type1, gid, id, last_updated, link_phrase, name, parent, priority, reverse_link_phrase, long_link_phrase) VALUES (0, '', 'release', 'url', '7c5c80e8-ed3a-4c9d-96bb-1131cdecb89d', 86, '2011-01-18 15:31:00.495651+00', 'links to affiliates', 'Affiliate links', NULL, 0, 'links to affiliates', 'Affiliate links');
INSERT INTO link_type (child_order, description, entity_type0, entity_type1, gid, id, last_updated, link_phrase, name, parent, priority, reverse_link_phrase, long_link_phrase) VALUES (0, 'This link type is used for Amazon ASINs. This allows users to link to the Amazon pages to show the right cover art if MusicBrainz does not have the right ASIN link already. <p/> Paste any URL to any Amazon product page that contains an Amazon ASIN and the ASIN will be parsed from that URL. (<a href="http://musicbrainz.org/doc/Amazon_Relationship_Type">Details</a>)', 'release', 'url', '4f2e710d-166c-480c-a293-2e2c8d658d87', 81, '2011-01-18 15:31:00.495651+00', 'ASIN', 'amazon asin', 86, 0, 'ASIN', 'amazon asin');
INSERT INTO link_type (child_order, description, entity_type0, entity_type1, gid, id, last_updated, link_phrase, name, parent, priority, reverse_link_phrase, long_link_phrase) VALUES (2, 'Points to the MusicMoz page for this album. (<a href="http://musicbrainz.org/doc/MusicMoz_Relationship_Type">Details</a>)', 'release', 'url', 'd111c58d-0d9b-4675-99c1-ddc5a8e01847', 78, '2011-01-18 15:31:00.495651+00', 'MusicMoz', 'musicmoz', 87, 0, 'MusicMoz page for', 'musicmoz');
INSERT INTO link_type (child_order, description, entity_type0, entity_type1, gid, id, last_updated, link_phrase, name, parent, priority, reverse_link_phrase, long_link_phrase) VALUES (2, '', 'release', 'url', '759935d6-c9c6-4362-8978-2f0d46d67deb', 85, '2011-01-18 15:31:00.495651+00', 'get the music ', 'get the music ', NULL, 0, 'get the music', 'get the music ');
INSERT INTO link_type (child_order, description, entity_type0, entity_type1, gid, id, last_updated, link_phrase, name, parent, priority, reverse_link_phrase, long_link_phrase) VALUES (0, 'Indicates a webpage where you can purchase an album for mail-order. (<a href="http://musicbrainz.org/doc/Mail_Order_Relationship_Type">Details</a>)', 'release', 'url', '3ee51e05-a06a-415e-b40c-b3f740dedfd7', 83, '2011-01-18 15:31:00.495651+00', 'purchase for mail-order', 'purchase for mail-order', 85, 0, 'mail-order purchase page for', 'purchase for mail-order');
INSERT INTO link_type (child_order, description, entity_type0, entity_type1, gid, id, last_updated, link_phrase, name, parent, priority, reverse_link_phrase, long_link_phrase) VALUES (1, 'Indicates a webpage where you can purchase an album for download. (<a href="http://musicbrainz.org/doc/Paid_Download_Relationship_Type">Details</a>)', 'release', 'url', '98e08c20-8402-4163-8970-53504bb6a1e4', 75, '2011-01-18 15:31:00.495651+00', 'purchase for download', 'purchase for download', 85, 0, 'download purchase page for', 'purchase for download');
INSERT INTO link_type (child_order, description, entity_type0, entity_type1, gid, id, last_updated, link_phrase, name, parent, priority, reverse_link_phrase, long_link_phrase) VALUES (0, 'This link is used to deep-link to cover art on other retailers sites.<br/><br/> See <a href="http://musicbrainz.org/doc/Cover_Art_Sites">Cover Art Sites</a> for a list of acceptable web sites for this relationship type.', 'release', 'url', '2476be45-3090-43b3-a948-a8f972b4065c', 82, '2011-01-18 15:31:00.495651+00', 'cover art', 'cover art link', NULL, 0, 'cover art for', 'cover art link');
INSERT INTO link_type (child_order, description, entity_type0, entity_type1, gid, id, last_updated, link_phrase, name, parent, priority, reverse_link_phrase, long_link_phrase) VALUES (1, 'Indicates the publisher of this album (<a href="http://musicbrainz.org/doc/Publisher_Relationship_Type">Details</a>)<br/><br/> Note that this is <strong><em>NOT</em></strong> the record label, use the "Label" field in release events for record labels.', 'label', 'recording', '51e4a303-8215-4db6-9a9f-ebe95442dbef', 215, '2011-01-18 15:31:00.495651+00', 'published', 'publishing', NULL, 0, 'publisher', 'publishing');
INSERT INTO link_type (child_order, description, entity_type0, entity_type1, gid, id, last_updated, link_phrase, name, parent, priority, reverse_link_phrase, long_link_phrase) VALUES (1, 'Indicates the publisher of this album (<a href="http://musicbrainz.org/doc/Publisher_Relationship_Type">Details</a>)<br/><br/> Note that this is <strong><em>NOT</em></strong> the record label, use the "Label" field in release events for record labels.', 'label', 'release', 'cee6eeeb-14f5-4079-9789-632b46acfd33', 68, '2011-01-18 15:31:00.495651+00', 'published', 'publishing', NULL, 0, 'publisher', 'publishing');
INSERT INTO link_type (child_order, description, entity_type0, entity_type1, gid, id, last_updated, link_phrase, name, parent, priority, reverse_link_phrase, long_link_phrase) VALUES (0, '', 'label', 'label', '0c1ff137-fca5-4148-82b7-8bce3c69165a', 214, '2011-01-18 15:31:00.495651+00', 'business association', 'business association', NULL, 0, 'business association', 'business association');
INSERT INTO link_type (child_order, description, entity_type0, entity_type1, gid, id, last_updated, link_phrase, name, parent, priority, reverse_link_phrase, long_link_phrase) VALUES (0, 'This describes the fact that a label is (or was) a subsidiary of another label, during a given period of time. This should be used either to describe the fact a label has been bought by another one, or that a label is a subdivision of another one. (<a href="http://musicbrainz.org/doc/Label_Ownership_Relationship_Type">Details</a>)', 'label', 'label', 'ab7a9be0-c060-4852-8f2e-4faf5b33231e', 209, '2011-01-18 15:31:00.495651+00', 'subsidiaries', 'label ownership', 214, 0, 'parent label', 'label ownership');
INSERT INTO link_type (child_order, description, entity_type0, entity_type1, gid, id, last_updated, link_phrase, name, parent, priority, reverse_link_phrase, long_link_phrase) VALUES (2, 'This describes the fact that a label has changed its name, be it for purely aesthetic reasons, or following a buyout/sellout/spin-off. (<a href="http://musicbrainz.org/doc/Label_Rename_Relationship_Type">Details</a>)', 'label', 'label', 'e6159066-6013-4d09-a2f8-bc473f21e89e', 211, '2011-01-18 15:31:00.495651+00', 'renamed into', 'label rename', 214, 0, 'renamed from', 'label rename');
INSERT INTO link_type (child_order, description, entity_type0, entity_type1, gid, id, last_updated, link_phrase, name, parent, priority, reverse_link_phrase, long_link_phrase) VALUES (0, '', 'label', 'url', '5f82afae-0473-458d-9f17-8a2fa1ce7918', 230, '2011-01-18 15:31:00.495651+00', 'online data', 'online data', NULL, 0, 'online data', 'online data');
INSERT INTO link_type (child_order, description, entity_type0, entity_type1, gid, id, last_updated, link_phrase, name, parent, priority, reverse_link_phrase, long_link_phrase) VALUES (2, 'This link points to a site that contains a catalog (eg: list) of records published by the label. (<a href="http://musicbrainz.org/doc/Catalog_Site_Relationship_Type">Details</a>)', 'label', 'url', '5ac35a29-d29b-4390-b279-587bcd42fc73', 221, '2011-01-18 15:31:00.495651+00', 'catalog of records', 'catalog site', 230, 0, 'catalog of records', 'catalog site');
INSERT INTO link_type (child_order, description, entity_type0, entity_type1, gid, id, last_updated, link_phrase, name, parent, priority, reverse_link_phrase, long_link_phrase) VALUES (1, '', 'label', 'url', '83eca2b3-5ae1-43f5-a732-56fa9a8591b1', 231, '2011-01-18 15:31:00.495651+00', 'other databases', 'other databases', NULL, 0, 'other databases', 'other databases');
INSERT INTO link_type (child_order, description, entity_type0, entity_type1, gid, id, last_updated, link_phrase, name, parent, priority, reverse_link_phrase, long_link_phrase) VALUES (0, 'This is used to link a label to its corresponding Wikipedia page. (<a href="http://musicbrainz.org/doc/Wikipedia_Relationship_Type">Details</a>)', 'label', 'url', '51e9db21-8864-49b3-aa58-470d7b81fa50', 225, '2011-01-18 15:31:00.495651+00', 'Wikipedia', 'wikipedia', 231, 0, 'Wikipedia page for', 'wikipedia');
INSERT INTO link_type (child_order, description, entity_type0, entity_type1, gid, id, last_updated, link_phrase, name, parent, priority, reverse_link_phrase, long_link_phrase) VALUES (0, 'This link points to (one of) the official website(s) of the label (<a href="http://musicbrainz.org/doc/Official_Site_Relationship_Type">Details</a>).', 'label', 'url', 'fe108f43-acb9-4ad1-8be3-57e6ec5b17b6', 228, '2011-01-18 15:31:00.495651+00', 'official homepages', 'official site', 230, 0, 'official homepage for', 'official site');
INSERT INTO link_type (child_order, description, entity_type0, entity_type1, gid, id, last_updated, link_phrase, name, parent, priority, reverse_link_phrase, long_link_phrase) VALUES (1, 'This is used to link a Label to the equivalent entry in Discogs. In addition to providing a link for users to find more information, this will hopefully eventually provide an index between the two systems, allowing MusicBrainz and Discogs to share data. (<a href="http://musicbrainz.org/doc/Discogs_Relationship_Type">Details</a>)', 'label', 'url', '5b987f87-25bc-4a2d-b3f1-3618795b8207', 226, '2011-01-18 15:31:00.495651+00', 'Discogs', 'discogs', 231, 0, 'Discogs page for', 'discogs');
INSERT INTO link_type (child_order, description, entity_type0, entity_type1, gid, id, last_updated, link_phrase, name, parent, priority, reverse_link_phrase, long_link_phrase) VALUES (1, 'This link points to a site describing relevant facts about the label history. (<a href="http://musicbrainz.org/doc/History_Site_Relationship_Type">Details</a>)', 'label', 'url', '5261835c-0c23-4a63-94db-ad3a86bda846', 220, '2011-01-18 15:31:00.495651+00', 'history page', 'history site', 230, 0, 'history page for', 'history site');
INSERT INTO link_type (child_order, description, entity_type0, entity_type1, gid, id, last_updated, link_phrase, name, parent, priority, reverse_link_phrase, long_link_phrase) VALUES (5, 'This relationship type can be used to link a MusicBrainz label to the equivalent entry in MySpace. (<a href="http://musicbrainz.org/doc/MySpace_Relationship_Type">Details</a>)', 'label', 'url', '240ba9dc-9898-4505-9bf7-32a53a695612', 224, '2011-01-18 15:31:00.495651+00', 'MySpace', 'myspace', 230, 0, 'MySpace page for', 'myspace');
INSERT INTO link_type (child_order, description, entity_type0, entity_type1, gid, id, last_updated, link_phrase, name, parent, priority, reverse_link_phrase, long_link_phrase) VALUES (7, 'This relationship type can be used to link a label to the equivalent entry in YouTube. URLs should follow the format http://www.youtube.com/user/&lt;username&gt;. (<a href="http://musicbrainz.org/doc/YouTube_Relationship_Type">Details</a>)', 'label', 'url', 'd9c71059-ba9d-4135-b909-481d12cf84e3', 234, '2011-01-18 15:31:00.495651+00', 'YouTube channels', 'youtube', 230, 0, 'YouTube channel for', 'youtube');
INSERT INTO link_type (child_order, description, entity_type0, entity_type1, gid, id, last_updated, link_phrase, name, parent, priority, reverse_link_phrase, long_link_phrase) VALUES (0, 'This relationship links a label to its corresponding page on VGMdb.', 'label', 'url', '8a2d3e55-d291-4b99-87a0-c59c6b121762', 219, '2011-01-18 15:31:00.495651+00', 'VGMdb', 'vgmdb', 231, 0, 'VGMdb page for', 'VGMdb');
INSERT INTO link_type (child_order, description, entity_type0, entity_type1, gid, id, last_updated, link_phrase, name, parent, priority, reverse_link_phrase, long_link_phrase) VALUES (3, 'This is used to provide a logo for the label. (<a href="http://musicbrainz.org/doc/Logo_Relationship_Type">Details</a>)', 'label', 'url', 'b35f7822-bf3c-4148-b306-fb723c63ee8b', 222, '2011-01-18 15:31:00.495651+00', 'logos', 'logo', 230, 0, 'logo of', 'logo');

INSERT INTO link_attribute_type (child_order, description, gid, id, last_updated, name, parent, root) VALUES (0, 'This attribute indicates a ''guest'' performance where the performer is not usually part of the band.', 'b3045913-62ac-433e-9211-ac683cdf6b5c', 194, '2011-01-18 15:31:00.495651+00', 'guest', NULL, 194);
INSERT INTO link_attribute_type (child_order, description, gid, id, last_updated, name, parent, root) VALUES (2, 'This attribute describes a type of vocal performance.', 'd92884b7-ee0c-46d5-96f3-918196ba8c5b', 3, '2011-01-18 15:31:00.495651+00', 'vocal', NULL, 3);
INSERT INTO link_attribute_type (child_order, description, gid, id, last_updated, name, parent, root) VALUES (0, 'Lead or solo vocal', '8e2a3255-87c2-4809-a174-98cb3704f1a5', 4, '2011-01-18 15:31:00.495651+00', 'Lead', 3, 3);
INSERT INTO link_attribute_type (child_order, description, gid, id, last_updated, name, parent, root) VALUES (1, 'Transliterated track listings don''t change the language, just the script or spelling.', 'a74533a5-ed6c-4b30-9519-43a449872f9d', 477, '2011-01-18 15:31:00.495651+00', 'transliterated', NULL, 477);

INSERT INTO link_type_attribute_type (attribute_type, last_updated, link_type, max, min) VALUES (194, '2011-01-18 15:31:00.495651+00', 165, 1, 0);
INSERT INTO link_type_attribute_type (attribute_type, last_updated, link_type, max, min) VALUES (3, '2011-01-18 15:31:00.495651+00', 158, NULL, 0);
INSERT INTO link_type_attribute_type (attribute_type, last_updated, link_type, max, min) VALUES (194, '2011-01-18 15:31:00.495651+00', 158, 1, 0);
INSERT INTO link_type_attribute_type (attribute_type, last_updated, link_type, max, min) VALUES (194, '2011-01-18 15:31:00.495651+00', 55, 1, 0);
INSERT INTO link_type_attribute_type (attribute_type, last_updated, link_type, max, min) VALUES (3, '2011-01-18 15:31:00.495651+00', 64, NULL, 0);
INSERT INTO link_type_attribute_type (attribute_type, last_updated, link_type, max, min) VALUES (194, '2011-01-18 15:31:00.495651+00', 64, 1, 0);
INSERT INTO link_type_attribute_type (attribute_type, last_updated, link_type, max, min) VALUES (477, '2011-01-18 15:31:00.495651+00', 4, 1, 0);
INSERT INTO link_type_attribute_type (attribute_type, last_updated, link_type, max, min) VALUES (14, '2011-01-18 15:31:00.495651+00', 147, NULL, 0);

INSERT INTO link_creditable_attribute_type (attribute_type) VALUES (229);

INSERT INTO link (attribute_count, begin_date_day, begin_date_month, begin_date_year, created, end_date_day, end_date_month, end_date_year, ended, id, link_type) VALUES (0, NULL, NULL, NULL, '2011-01-18 15:31:00.495651+00', NULL, NULL, NULL, '0', 6101, 111);
INSERT INTO link (attribute_count, begin_date_day, begin_date_month, begin_date_year, created, end_date_day, end_date_month, end_date_year, ended, id, link_type) VALUES (0, NULL, NULL, NULL, '2011-01-18 15:31:00.495651+00', NULL, NULL, NULL, '0', 6103, 110);
INSERT INTO link (attribute_count, begin_date_day, begin_date_month, begin_date_year, created, end_date_day, end_date_month, end_date_year, ended, id, link_type) VALUES (1, NULL, NULL, NULL, '2011-01-18 15:31:00.495651+00', NULL, NULL, NULL, '0', 12351, 158);
INSERT INTO link (attribute_count, begin_date_day, begin_date_month, begin_date_year, created, end_date_day, end_date_month, end_date_year, ended, id, link_type) VALUES (1, NULL, NULL, NULL, '2011-01-18 15:31:00.495651+00', NULL, NULL, NULL, '0', 12282, 147);
INSERT INTO link (attribute_count, begin_date_day, begin_date_month, begin_date_year, created, end_date_day, end_date_month, end_date_year, ended, id, link_type) VALUES (0, NULL, NULL, NULL, '2011-01-18 15:31:00.495651+00', NULL, NULL, NULL, '0', 12281, 149);
INSERT INTO link (attribute_count, begin_date_day, begin_date_month, begin_date_year, created, end_date_day, end_date_month, end_date_year, ended, id, link_type) VALUES (0, NULL, NULL, NULL, '2011-01-18 15:31:00.495651+00', NULL, NULL, NULL, '0', 12810, 139);
INSERT INTO link (attribute_count, begin_date_day, begin_date_month, begin_date_year, created, end_date_day, end_date_month, end_date_year, ended, id, link_type) VALUES (1, NULL, NULL, 2007, '2011-01-18 15:31:00.495651+00', NULL, NULL, NULL, '0', 1956, 64);
INSERT INTO link (attribute_count, begin_date_day, begin_date_month, begin_date_year, created, end_date_day, end_date_month, end_date_year, ended, id, link_type) VALUES (0, NULL, NULL, NULL, '2011-01-18 15:31:00.495651+00', NULL, NULL, NULL, '0', 34, 20);
INSERT INTO link (attribute_count, begin_date_day, begin_date_month, begin_date_year, created, end_date_day, end_date_month, end_date_year, ended, id, link_type) VALUES (0, NULL, NULL, NULL, '2011-01-18 15:31:00.495651+00', NULL, NULL, NULL, '0', 33, 34);
INSERT INTO link (attribute_count, begin_date_day, begin_date_month, begin_date_year, created, end_date_day, end_date_month, end_date_year, ended, id, link_type) VALUES (0, NULL, NULL, NULL, '2011-01-18 15:31:00.495651+00', NULL, NULL, NULL, '0', 63, 19);
INSERT INTO link (attribute_count, begin_date_day, begin_date_month, begin_date_year, created, end_date_day, end_date_month, end_date_year, ended, id, link_type) VALUES (0, 2, 6, 2003, '2011-01-18 15:31:00.495651+00', NULL, NULL, NULL, '0', 11764, 123);
INSERT INTO link (attribute_count, begin_date_day, begin_date_month, begin_date_year, created, end_date_day, end_date_month, end_date_year, ended, id, link_type) VALUES (0, NULL, NULL, NULL, '2011-01-18 15:31:00.495651+00', NULL, NULL, NULL, '0', 11714, 124);
INSERT INTO link (attribute_count, begin_date_day, begin_date_month, begin_date_year, created, end_date_day, end_date_month, end_date_year, ended, id, link_type) VALUES (0, NULL, NULL, 1993, '2011-01-18 15:31:00.495651+00', NULL, NULL, 2001, '1', 11999, 129);
INSERT INTO link (attribute_count, begin_date_day, begin_date_month, begin_date_year, created, end_date_day, end_date_month, end_date_year, ended, id, link_type) VALUES (0, NULL, NULL, 2001, '2011-05-16 15:03:23.368437+00', NULL, NULL, NULL, '0', 6490, 111);
INSERT INTO link (attribute_count, begin_date_day, begin_date_month, begin_date_year, created, end_date_day, end_date_month, end_date_year, ended, id, link_type) VALUES (0, NULL, NULL, NULL, '2011-01-18 15:31:00.495651+00', NULL, NULL, NULL, '0', 22986, 188);
INSERT INTO link (attribute_count, begin_date_day, begin_date_month, begin_date_year, created, end_date_day, end_date_month, end_date_year, ended, id, link_type) VALUES (0, NULL, NULL, NULL, '2011-01-18 15:31:00.495651+00', NULL, NULL, NULL, '0', 22988, 186);
INSERT INTO link (attribute_count, begin_date_day, begin_date_month, begin_date_year, created, end_date_day, end_date_month, end_date_year, ended, id, link_type) VALUES (0, NULL, NULL, NULL, '2011-01-18 15:31:00.495651+00', NULL, NULL, NULL, '0', 22992, 181);
INSERT INTO link (attribute_count, begin_date_day, begin_date_month, begin_date_year, created, end_date_day, end_date_month, end_date_year, ended, id, link_type) VALUES (0, NULL, NULL, NULL, '2011-01-18 15:31:00.495651+00', NULL, NULL, NULL, '0', 22998, 208);
INSERT INTO link (attribute_count, begin_date_day, begin_date_month, begin_date_year, created, end_date_day, end_date_month, end_date_year, ended, id, link_type) VALUES (0, NULL, NULL, NULL, '2011-01-18 15:31:00.495651+00', NULL, NULL, NULL, '0', 23005, 193);
INSERT INTO link (attribute_count, begin_date_day, begin_date_month, begin_date_year, created, end_date_day, end_date_month, end_date_year, ended, id, link_type) VALUES (0, NULL, NULL, NULL, '2011-01-18 15:31:00.495651+00', NULL, NULL, NULL, '0', 22987, 197);
INSERT INTO link (attribute_count, begin_date_day, begin_date_month, begin_date_year, created, end_date_day, end_date_month, end_date_year, ended, id, link_type) VALUES (0, NULL, NULL, NULL, '2011-01-18 15:31:00.495651+00', NULL, NULL, NULL, '0', 22989, 187);
INSERT INTO link (attribute_count, begin_date_day, begin_date_month, begin_date_year, created, end_date_day, end_date_month, end_date_year, ended, id, link_type) VALUES (0, NULL, NULL, NULL, '2011-01-18 15:31:00.495651+00', NULL, NULL, NULL, '0', 22994, 199);
INSERT INTO link (attribute_count, begin_date_day, begin_date_month, begin_date_year, created, end_date_day, end_date_month, end_date_year, ended, id, link_type) VALUES (0, NULL, NULL, NULL, '2011-01-18 15:31:00.495651+00', NULL, NULL, NULL, '0', 22990, 191);
INSERT INTO link (attribute_count, begin_date_day, begin_date_month, begin_date_year, created, end_date_day, end_date_month, end_date_year, ended, id, link_type) VALUES (0, NULL, NULL, NULL, '2011-01-18 15:31:00.495651+00', NULL, NULL, NULL, '0', 22993, 180);
INSERT INTO link (attribute_count, begin_date_day, begin_date_month, begin_date_year, created, end_date_day, end_date_month, end_date_year, ended, id, link_type) VALUES (0, NULL, NULL, NULL, '2011-01-18 15:31:00.495651+00', NULL, NULL, NULL, '0', 22991, 192);
INSERT INTO link (attribute_count, begin_date_day, begin_date_month, begin_date_year, created, end_date_day, end_date_month, end_date_year, ended, id, link_type) VALUES (0, NULL, NULL, NULL, '2011-01-18 15:31:00.495651+00', NULL, NULL, NULL, '0', 22999, 189);
INSERT INTO link (attribute_count, begin_date_day, begin_date_month, begin_date_year, created, end_date_day, end_date_month, end_date_year, ended, id, link_type) VALUES (0, 20, 11, 2007, '2011-01-18 15:31:00.495651+00', NULL, NULL, NULL, '0', 23198, 191);
INSERT INTO link (attribute_count, begin_date_day, begin_date_month, begin_date_year, created, end_date_day, end_date_month, end_date_year, ended, id, link_type) VALUES (0, NULL, NULL, NULL, '2011-01-18 15:31:00.495651+00', NULL, NULL, NULL, '0', 23007, 207);
INSERT INTO link (attribute_count, begin_date_day, begin_date_month, begin_date_year, created, end_date_day, end_date_month, end_date_year, ended, id, link_type) VALUES (0, NULL, NULL, NULL, '2011-01-18 15:31:00.495651+00', NULL, NULL, NULL, '0', 23008, 182);
INSERT INTO link (attribute_count, begin_date_day, begin_date_month, begin_date_year, created, end_date_day, end_date_month, end_date_year, ended, id, link_type) VALUES (0, NULL, NULL, NULL, '2011-01-18 15:31:00.495651+00', NULL, NULL, NULL, '0', 23004, 202);
INSERT INTO link (attribute_count, begin_date_day, begin_date_month, begin_date_year, created, end_date_day, end_date_month, end_date_year, ended, id, link_type) VALUES (0, NULL, NULL, NULL, '2011-01-18 15:31:00.495651+00', NULL, NULL, NULL, '0', 1123780, 1222);
INSERT INTO link (attribute_count, begin_date_day, begin_date_month, begin_date_year, created, end_date_day, end_date_month, end_date_year, ended, id, link_type) VALUES (0, NULL, NULL, NULL, '2011-01-18 15:31:00.495651+00', NULL, NULL, NULL, '0', 23805, 235);
INSERT INTO link (attribute_count, begin_date_day, begin_date_month, begin_date_year, created, end_date_day, end_date_month, end_date_year, ended, id, link_type) VALUES (0, NULL, NULL, NULL, '2011-01-18 15:31:00.495651+00', NULL, NULL, NULL, '0', 23799, 242);
INSERT INTO link (attribute_count, begin_date_day, begin_date_month, begin_date_year, created, end_date_day, end_date_month, end_date_year, ended, id, link_type) VALUES (0, NULL, NULL, NULL, '2011-01-18 15:31:00.495651+00', NULL, NULL, NULL, '0', 23865, 285);
INSERT INTO link (attribute_count, begin_date_day, begin_date_month, begin_date_year, created, end_date_day, end_date_month, end_date_year, ended, id, link_type) VALUES (0, NULL, NULL, 2008, '2011-01-18 15:31:00.495651+00', NULL, NULL, NULL, '0', 6059, 71);
INSERT INTO link (attribute_count, begin_date_day, begin_date_month, begin_date_year, created, end_date_day, end_date_month, end_date_year, ended, id, link_type) VALUES (0, NULL, NULL, NULL, '2011-01-18 15:31:00.495651+00', NULL, NULL, NULL, '0', 6067, 94);
INSERT INTO link (attribute_count, begin_date_day, begin_date_month, begin_date_year, created, end_date_day, end_date_month, end_date_year, ended, id, link_type) VALUES (0, NULL, NULL, NULL, '2011-01-18 15:31:00.495651+00', NULL, NULL, NULL, '0', 6073, 95);
INSERT INTO link (attribute_count, begin_date_day, begin_date_month, begin_date_year, created, end_date_day, end_date_month, end_date_year, ended, id, link_type) VALUES (1, NULL, NULL, NULL, '2011-01-18 15:31:00.495651+00', NULL, NULL, NULL, '0', 4, 4);
INSERT INTO link (attribute_count, begin_date_day, begin_date_month, begin_date_year, created, end_date_day, end_date_month, end_date_year, ended, id, link_type) VALUES (0, NULL, NULL, NULL, '2011-01-18 15:31:00.495651+00', NULL, NULL, NULL, '0', 6065, 77);
INSERT INTO link (attribute_count, begin_date_day, begin_date_month, begin_date_year, created, end_date_day, end_date_month, end_date_year, ended, id, link_type) VALUES (0, NULL, NULL, NULL, '2011-01-18 15:31:00.495651+00', NULL, NULL, NULL, '0', 6064, 81);
INSERT INTO link (attribute_count, begin_date_day, begin_date_month, begin_date_year, created, end_date_day, end_date_month, end_date_year, ended, id, link_type) VALUES (0, NULL, NULL, NULL, '2011-01-18 15:31:00.495651+00', NULL, NULL, NULL, '0', 6076, 78);
INSERT INTO link (attribute_count, begin_date_day, begin_date_month, begin_date_year, created, end_date_day, end_date_month, end_date_year, ended, id, link_type) VALUES (0, NULL, NULL, NULL, '2011-01-18 15:31:00.495651+00', NULL, NULL, NULL, '0', 6066, 83);
INSERT INTO link (attribute_count, begin_date_day, begin_date_month, begin_date_year, created, end_date_day, end_date_month, end_date_year, ended, id, link_type) VALUES (0, NULL, NULL, NULL, '2011-01-18 15:31:00.495651+00', NULL, NULL, NULL, '0', 6077, 75);
INSERT INTO link (attribute_count, begin_date_day, begin_date_month, begin_date_year, created, end_date_day, end_date_month, end_date_year, ended, id, link_type) VALUES (0, NULL, NULL, NULL, '2011-01-18 15:31:00.495651+00', NULL, NULL, NULL, '0', 6070, 82);
INSERT INTO link (attribute_count, begin_date_day, begin_date_month, begin_date_year, created, end_date_day, end_date_month, end_date_year, ended, id, link_type) VALUES (0, NULL, NULL, NULL, '2011-01-18 15:31:00.495651+00', NULL, NULL, NULL, '0', 23758, 215);
INSERT INTO link (attribute_count, begin_date_day, begin_date_month, begin_date_year, created, end_date_day, end_date_month, end_date_year, ended, id, link_type) VALUES (0, NULL, NULL, NULL, '2011-01-18 15:31:00.495651+00', NULL, NULL, NULL, '0', 6012, 68);
INSERT INTO link (attribute_count, begin_date_day, begin_date_month, begin_date_year, created, end_date_day, end_date_month, end_date_year, ended, id, link_type) VALUES (0, NULL, NULL, NULL, '2011-01-18 15:31:00.495651+00', NULL, NULL, NULL, '0', 23367, 209);
INSERT INTO link (attribute_count, begin_date_day, begin_date_month, begin_date_year, created, end_date_day, end_date_month, end_date_year, ended, id, link_type) VALUES (0, NULL, NULL, 1965, '2011-01-18 15:31:00.495651+00', NULL, NULL, 1965, '1', 23622, 211);
INSERT INTO link (attribute_count, begin_date_day, begin_date_month, begin_date_year, created, end_date_day, end_date_month, end_date_year, ended, id, link_type) VALUES (0, NULL, NULL, 1995, '2011-01-18 15:31:00.495651+00', NULL, NULL, 1998, '1', 23403, 209);
INSERT INTO link (attribute_count, begin_date_day, begin_date_month, begin_date_year, created, end_date_day, end_date_month, end_date_year, ended, id, link_type) VALUES (0, NULL, NULL, NULL, '2011-01-18 15:31:00.495651+00', NULL, NULL, NULL, '0', 23775, 221);
INSERT INTO link (attribute_count, begin_date_day, begin_date_month, begin_date_year, created, end_date_day, end_date_month, end_date_year, ended, id, link_type) VALUES (0, NULL, NULL, NULL, '2011-01-18 15:31:00.495651+00', NULL, NULL, NULL, '0', 23776, 225);
INSERT INTO link (attribute_count, begin_date_day, begin_date_month, begin_date_year, created, end_date_day, end_date_month, end_date_year, ended, id, link_type) VALUES (0, NULL, NULL, NULL, '2011-01-18 15:31:00.495651+00', NULL, NULL, NULL, '0', 23777, 228);
INSERT INTO link (attribute_count, begin_date_day, begin_date_month, begin_date_year, created, end_date_day, end_date_month, end_date_year, ended, id, link_type) VALUES (0, NULL, NULL, NULL, '2011-01-18 15:31:00.495651+00', NULL, NULL, NULL, '0', 23778, 226);
INSERT INTO link (attribute_count, begin_date_day, begin_date_month, begin_date_year, created, end_date_day, end_date_month, end_date_year, ended, id, link_type) VALUES (0, NULL, NULL, NULL, '2011-01-18 15:31:00.495651+00', NULL, NULL, NULL, '0', 23781, 220);
INSERT INTO link (attribute_count, begin_date_day, begin_date_month, begin_date_year, created, end_date_day, end_date_month, end_date_year, ended, id, link_type) VALUES (0, NULL, NULL, NULL, '2011-01-18 15:31:00.495651+00', NULL, NULL, NULL, '0', 23779, 224);
INSERT INTO link (attribute_count, begin_date_day, begin_date_month, begin_date_year, created, end_date_day, end_date_month, end_date_year, ended, id, link_type) VALUES (0, NULL, NULL, NULL, '2011-01-18 15:31:00.495651+00', NULL, NULL, NULL, '0', 23782, 234);
INSERT INTO link (attribute_count, begin_date_day, begin_date_month, begin_date_year, created, end_date_day, end_date_month, end_date_year, ended, id, link_type) VALUES (0, NULL, NULL, NULL, '2011-01-18 15:31:00.495651+00', NULL, NULL, NULL, '0', 23785, 219);
INSERT INTO link (attribute_count, begin_date_day, begin_date_month, begin_date_year, created, end_date_day, end_date_month, end_date_year, ended, id, link_type) VALUES (0, NULL, NULL, NULL, '2011-01-18 15:31:00.495651+00', NULL, NULL, NULL, '0', 23780, 222);

INSERT INTO link_attribute (attribute_type, created, link) VALUES (194, '2011-01-18 15:31:00.495651+00', 12351);
INSERT INTO link_attribute (attribute_type, created, link) VALUES (4, '2011-01-18 15:31:00.495651+00', 1956);
INSERT INTO link_attribute (attribute_type, created, link) VALUES (477, '2011-01-18 15:31:00.495651+00', 4);
INSERT INTO link_attribute (attribute_type, created, link) VALUES (229, '2011-01-18 15:31:00.495651+00', 12282);

INSERT INTO link_attribute_credit (link, attribute_type, credited_as) VALUES (12282, 229, 'crazy guitar');

INSERT INTO l_artist_artist (edits_pending, entity0, entity1, id, last_updated, link) VALUES (0, 398598, 398438, 45799, '2011-01-18 15:31:00.495651+00', 6101);
INSERT INTO l_artist_artist (edits_pending, entity0, entity1, id, last_updated, link) VALUES (0, 100300, 180273, 4168, '2011-01-18 15:31:00.495651+00', 6103);
INSERT INTO l_artist_artist (edits_pending, entity0, entity1, id, last_updated, link) VALUES (0, 82524, 265420, 127517, '2011-05-16 15:03:23.368437+00', 6490);

INSERT INTO l_artist_label (edits_pending, entity0, entity1, id, last_updated, link) VALUES (0, 398438, 3933, 201, '2011-01-18 15:31:00.495651+00', 11764);
INSERT INTO l_artist_label (edits_pending, entity0, entity1, id, last_updated, link) VALUES (0, 9772, 1949, 2367, '2011-01-18 15:31:00.495651+00', 11714);
INSERT INTO l_artist_label (edits_pending, entity0, entity1, id, last_updated, link) VALUES (0, 9772, 3545, 2492, '2011-01-18 15:31:00.495651+00', 11714);
INSERT INTO l_artist_label (edits_pending, entity0, entity1, id, last_updated, link) VALUES (0, 779, 33, 1294, '2011-01-18 15:31:00.495651+00', 11999);
INSERT INTO l_artist_label (edits_pending, entity0, entity1, id, last_updated, link) VALUES (0, 242, 2988, 2893, '2011-01-18 15:31:00.495651+00', 11714);

INSERT INTO l_artist_recording (edits_pending, entity0, entity1, id, last_updated, link) VALUES (0, 9496, 4525123, 6751, '2011-01-18 15:56:00.408782+00', 12351);
INSERT INTO l_artist_recording (edits_pending, entity0, entity1, id, last_updated, link) VALUES (0, 135345, 4525123, 508792, '2011-01-18 15:56:00.408782+00', 12281);
INSERT INTO l_artist_recording (edits_pending, entity0, entity1, id, last_updated, link) VALUES (0, 135345, 4525123, 508809, '2011-01-18 15:56:00.408782+00', 12810);
INSERT INTO l_artist_recording (edits_pending, entity0, entity1, id, last_updated, link) VALUES (0, 11545, 1542682, 515098, '2011-01-18 15:56:00.408782+00', 12281);
INSERT INTO l_artist_recording (edits_pending, entity0, entity1, id, last_updated, link) VALUES (0, 11545, 1542683, 515099, '2011-01-18 15:56:00.408782+00', 12281);
INSERT INTO l_artist_recording (edits_pending, entity0, entity1, id, last_updated, link) VALUES (0, 11545, 1542684, 515100, '2011-01-18 15:56:00.408782+00', 12281);
INSERT INTO l_artist_recording (edits_pending, entity0, entity1, id, last_updated, link) VALUES (0, 11545, 1542685, 515101, '2011-01-18 15:56:00.408782+00', 12281);
INSERT INTO l_artist_recording (edits_pending, entity0, entity1, id, last_updated, link) VALUES (0, 11545, 1542686, 515102, '2011-01-18 15:56:00.408782+00', 12281);
INSERT INTO l_artist_recording (edits_pending, entity0, entity1, id, last_updated, link) VALUES (0, 11545, 1542687, 515103, '2011-01-18 15:56:00.408782+00', 12281);
INSERT INTO l_artist_recording (edits_pending, entity0, entity1, id, last_updated, link) VALUES (0, 11545, 1542688, 515104, '2011-01-18 15:56:00.408782+00', 12281);
INSERT INTO l_artist_recording (edits_pending, entity0, entity1, id, last_updated, link) VALUES (0, 11545, 1542689, 515105, '2011-01-18 15:56:00.408782+00', 12281);
INSERT INTO l_artist_recording (edits_pending, entity0, entity1, id, last_updated, link) VALUES (0, 11545, 1542690, 515106, '2011-01-18 15:56:00.408782+00', 12281);
INSERT INTO l_artist_recording (edits_pending, entity0, entity1, id, last_updated, link) VALUES (0, 11545, 1542691, 515107, '2011-01-18 15:56:00.408782+00', 12281);
INSERT INTO l_artist_recording (edits_pending, entity0, entity1, id, last_updated, link) VALUES (0, 283833, 2726274, 515108, '2011-01-18 15:56:00.408782+00', 12282);

INSERT INTO l_artist_release (edits_pending, entity0, entity1, id, last_updated, link) VALUES (0, 398598, 459740, 79005, '2011-01-18 15:52:02.917556+00', 1956);
INSERT INTO l_artist_release (edits_pending, entity0, entity1, id, last_updated, link) VALUES (0, 11545, 24752, 219815, '2011-01-18 15:52:02.917556+00', 34);
INSERT INTO l_artist_release (edits_pending, entity0, entity1, id, last_updated, link) VALUES (0, 11545, 243064, 219813, '2011-01-18 15:52:02.917556+00', 34);
INSERT INTO l_artist_release (edits_pending, entity0, entity1, id, last_updated, link) VALUES (0, 11545, 654729, 219814, '2011-01-18 15:52:02.917556+00', 34);
INSERT INTO l_artist_release (edits_pending, entity0, entity1, id, last_updated, link) VALUES (0, 242, 19969, 210524, '2011-01-18 15:52:02.917556+00', 33);
INSERT INTO l_artist_release (edits_pending, entity0, entity1, id, last_updated, link) VALUES (0, 242, 31689, 210527, '2011-01-18 15:52:02.917556+00', 33);
INSERT INTO l_artist_release (edits_pending, entity0, entity1, id, last_updated, link) VALUES (0, 242, 31690, 210523, '2011-01-18 15:52:02.917556+00', 33);
INSERT INTO l_artist_release (edits_pending, entity0, entity1, id, last_updated, link) VALUES (0, 242, 278075, 210522, '2011-01-18 15:52:02.917556+00', 33);
INSERT INTO l_artist_release (edits_pending, entity0, entity1, id, last_updated, link) VALUES (0, 242, 338506, 210525, '2011-01-18 15:52:02.917556+00', 33);
INSERT INTO l_artist_release (edits_pending, entity0, entity1, id, last_updated, link) VALUES (0, 242, 748905, 210526, '2011-01-18 15:52:02.917556+00', 33);
INSERT INTO l_artist_release (edits_pending, entity0, entity1, id, last_updated, link) VALUES (0, 242, 19969, 212053, '2011-01-18 15:52:02.917556+00', 63);
INSERT INTO l_artist_release (edits_pending, entity0, entity1, id, last_updated, link) VALUES (0, 242, 31689, 212056, '2011-01-18 15:52:02.917556+00', 63);
INSERT INTO l_artist_release (edits_pending, entity0, entity1, id, last_updated, link) VALUES (0, 242, 31690, 212052, '2011-01-18 15:52:02.917556+00', 63);
INSERT INTO l_artist_release (edits_pending, entity0, entity1, id, last_updated, link) VALUES (0, 242, 278075, 212051, '2011-01-18 15:52:02.917556+00', 63);
INSERT INTO l_artist_release (edits_pending, entity0, entity1, id, last_updated, link) VALUES (0, 242, 338506, 212054, '2011-01-18 15:52:02.917556+00', 63);
INSERT INTO l_artist_release (edits_pending, entity0, entity1, id, last_updated, link) VALUES (0, 242, 748905, 212055, '2011-01-18 15:52:02.917556+00', 63);

INSERT INTO l_artist_url (edits_pending, entity0, entity1, id, last_updated, link) VALUES (0, 398598, 788382, 293369, '2011-01-18 16:23:37.789736+00', 22986);
INSERT INTO l_artist_url (edits_pending, entity0, entity1, id, last_updated, link) VALUES (0, 398598, 788379, 293371, '2011-01-18 16:23:37.789736+00', 22988);
INSERT INTO l_artist_url (edits_pending, entity0, entity1, id, last_updated, link) VALUES (0, 398598, 788384, 293368, '2011-01-18 16:23:37.789736+00', 22992);
INSERT INTO l_artist_url (edits_pending, entity0, entity1, id, last_updated, link) VALUES (0, 398598, 788381, 293370, '2011-01-18 16:23:37.789736+00', 22998);
INSERT INTO l_artist_url (edits_pending, entity0, entity1, id, last_updated, link) VALUES (0, 398598, 788385, 293367, '2011-01-18 16:23:37.789736+00', 23005);
INSERT INTO l_artist_url (edits_pending, entity0, entity1, id, last_updated, link) VALUES (0, 57874, 98095, 140305, '2011-01-18 16:23:37.789736+00', 22986);
INSERT INTO l_artist_url (edits_pending, entity0, entity1, id, last_updated, link) VALUES (0, 100300, 203616, 46765, '2011-01-18 16:23:37.789736+00', 22986);
INSERT INTO l_artist_url (edits_pending, entity0, entity1, id, last_updated, link) VALUES (0, 199379, 93917, 145010, '2011-01-18 16:23:37.789736+00', 22986);
INSERT INTO l_artist_url (edits_pending, entity0, entity1, id, last_updated, link) VALUES (0, 199379, 447789, 168990, '2011-01-18 16:23:37.789736+00', 22987);
INSERT INTO l_artist_url (edits_pending, entity0, entity1, id, last_updated, link) VALUES (0, 199379, 447788, 168835, '2011-01-18 16:23:37.789736+00', 22989);
INSERT INTO l_artist_url (edits_pending, entity0, entity1, id, last_updated, link) VALUES (0, 199379, 663949, 110447, '2011-01-18 16:23:37.789736+00', 22994);
INSERT INTO l_artist_url (edits_pending, entity0, entity1, id, last_updated, link) VALUES (0, 273135, 215816, 45846, '2011-01-18 16:23:37.789736+00', 22986);
INSERT INTO l_artist_url (edits_pending, entity0, entity1, id, last_updated, link) VALUES (0, 9496, 537138, 71062, '2011-01-18 16:23:37.789736+00', 22987);
INSERT INTO l_artist_url (edits_pending, entity0, entity1, id, last_updated, link) VALUES (0, 9496, 13742, 216914, '2011-01-18 16:23:37.789736+00', 22989);
INSERT INTO l_artist_url (edits_pending, entity0, entity1, id, last_updated, link) VALUES (0, 9496, 205022, 45705, '2011-01-18 16:23:37.789736+00', 22989);
INSERT INTO l_artist_url (edits_pending, entity0, entity1, id, last_updated, link) VALUES (0, 9496, 455886, 267803, '2011-01-18 16:23:37.789736+00', 22989);
INSERT INTO l_artist_url (edits_pending, entity0, entity1, id, last_updated, link) VALUES (0, 9496, 13741, 214353, '2011-01-18 16:23:37.789736+00', 22990);
INSERT INTO l_artist_url (edits_pending, entity0, entity1, id, last_updated, link) VALUES (0, 9496, 205030, 45703, '2011-01-18 16:23:37.789736+00', 22990);
INSERT INTO l_artist_url (edits_pending, entity0, entity1, id, last_updated, link) VALUES (0, 9496, 537139, 71219, '2011-01-18 16:23:37.789736+00', 22990);
INSERT INTO l_artist_url (edits_pending, entity0, entity1, id, last_updated, link) VALUES (0, 9496, 729251, 180605, '2011-01-18 16:23:37.789736+00', 22992);
INSERT INTO l_artist_url (edits_pending, entity0, entity1, id, last_updated, link) VALUES (0, 9496, 729246, 180131, '2011-01-18 16:23:37.789736+00', 22993);
INSERT INTO l_artist_url (edits_pending, entity0, entity1, id, last_updated, link) VALUES (0, 135345, 30977, 196119, '2011-01-18 16:23:37.789736+00', 22986);
INSERT INTO l_artist_url (edits_pending, entity0, entity1, id, last_updated, link) VALUES (0, 135345, 14419, 214536, '2011-01-18 16:23:37.789736+00', 22989);
INSERT INTO l_artist_url (edits_pending, entity0, entity1, id, last_updated, link) VALUES (0, 135345, 151929, 92855, '2011-01-18 16:23:37.789736+00', 22989);
INSERT INTO l_artist_url (edits_pending, entity0, entity1, id, last_updated, link) VALUES (0, 135345, 14418, 214374, '2011-01-18 16:23:37.789736+00', 22990);
INSERT INTO l_artist_url (edits_pending, entity0, entity1, id, last_updated, link) VALUES (0, 135345, 149960, 94885, '2011-01-18 16:23:37.789736+00', 22990);
INSERT INTO l_artist_url (edits_pending, entity0, entity1, id, last_updated, link) VALUES (0, 388, 8720, 224349, '2011-01-18 16:23:37.789736+00', 22986);
INSERT INTO l_artist_url (edits_pending, entity0, entity1, id, last_updated, link) VALUES (0, 388, 314780, 61045, '2011-01-18 16:23:37.789736+00', 22988);
INSERT INTO l_artist_url (edits_pending, entity0, entity1, id, last_updated, link) VALUES (0, 388, 2734, 234696, '2011-01-18 16:23:37.789736+00', 22989);
INSERT INTO l_artist_url (edits_pending, entity0, entity1, id, last_updated, link) VALUES (0, 388, 425366, 237249, '2011-01-18 16:23:37.789736+00', 22991);
INSERT INTO l_artist_url (edits_pending, entity0, entity1, id, last_updated, link) VALUES (0, 388, 722912, 250565, '2011-01-18 16:23:37.789736+00', 22993);
INSERT INTO l_artist_url (edits_pending, entity0, entity1, id, last_updated, link) VALUES (0, 388, 755940, 159196, '2011-01-18 16:23:37.789736+00', 22993);
INSERT INTO l_artist_url (edits_pending, entity0, entity1, id, last_updated, link) VALUES (0, 388, 583587, 153073, '2011-01-18 16:23:37.789736+00', 22994);
INSERT INTO l_artist_url (edits_pending, entity0, entity1, id, last_updated, link) VALUES (0, 388, 4117, 228277, '2011-01-18 16:23:37.789736+00', 22999);
INSERT INTO l_artist_url (edits_pending, entity0, entity1, id, last_updated, link) VALUES (0, 388, 722911, 250721, '2011-01-18 16:23:37.789736+00', 23005);
INSERT INTO l_artist_url (edits_pending, entity0, entity1, id, last_updated, link) VALUES (0, 388, 2414, 253817, '2011-01-18 16:23:37.789736+00', 23198);
INSERT INTO l_artist_url (edits_pending, entity0, entity1, id, last_updated, link) VALUES (0, 199821, 151, 239050, '2011-01-18 16:23:37.789736+00', 22990);
INSERT INTO l_artist_url (edits_pending, entity0, entity1, id, last_updated, link) VALUES (0, 22492, 164731, 82996, '2011-01-18 16:23:37.789736+00', 22986);
INSERT INTO l_artist_url (edits_pending, entity0, entity1, id, last_updated, link) VALUES (0, 22492, 164730, 85077, '2011-01-18 16:23:37.789736+00', 22988);
INSERT INTO l_artist_url (edits_pending, entity0, entity1, id, last_updated, link) VALUES (0, 22492, 13319, 218571, '2011-01-18 16:23:37.789736+00', 22989);
INSERT INTO l_artist_url (edits_pending, entity0, entity1, id, last_updated, link) VALUES (0, 22492, 164732, 82979, '2011-01-18 16:23:37.789736+00', 22990);
INSERT INTO l_artist_url (edits_pending, entity0, entity1, id, last_updated, link) VALUES (0, 22492, 584827, 282401, '2011-01-18 16:23:37.789736+00', 22994);
INSERT INTO l_artist_url (edits_pending, entity0, entity1, id, last_updated, link) VALUES (0, 11545, 151489, 95185, '2011-01-18 16:23:37.789736+00', 22986);
INSERT INTO l_artist_url (edits_pending, entity0, entity1, id, last_updated, link) VALUES (0, 11545, 151485, 94596, '2011-01-18 16:23:37.789736+00', 22989);
INSERT INTO l_artist_url (edits_pending, entity0, entity1, id, last_updated, link) VALUES (0, 398438, 132657, 82166, '2011-01-18 16:23:37.789736+00', 22986);
INSERT INTO l_artist_url (edits_pending, entity0, entity1, id, last_updated, link) VALUES (0, 398438, 132428, 109121, '2011-01-18 16:23:37.789736+00', 22990);
INSERT INTO l_artist_url (edits_pending, entity0, entity1, id, last_updated, link) VALUES (0, 9772, 28273, 196412, '2011-01-18 16:23:37.789736+00', 22986);
INSERT INTO l_artist_url (edits_pending, entity0, entity1, id, last_updated, link) VALUES (0, 9772, 329915, 37002, '2011-01-18 16:23:37.789736+00', 22989);
INSERT INTO l_artist_url (edits_pending, entity0, entity1, id, last_updated, link) VALUES (0, 283833, 24048, 201534, '2011-01-18 16:23:37.789736+00', 22990);
INSERT INTO l_artist_url (edits_pending, entity0, entity1, id, last_updated, link) VALUES (0, 427385, 181389, 69567, '2011-01-18 16:23:37.789736+00', 22986);
INSERT INTO l_artist_url (edits_pending, entity0, entity1, id, last_updated, link) VALUES (0, 427385, 670179, 36743, '2011-01-18 16:23:37.789736+00', 22987);
INSERT INTO l_artist_url (edits_pending, entity0, entity1, id, last_updated, link) VALUES (0, 427385, 670181, 37052, '2011-01-18 16:23:37.789736+00', 22989);
INSERT INTO l_artist_url (edits_pending, entity0, entity1, id, last_updated, link) VALUES (0, 427385, 670180, 36870, '2011-01-18 16:23:37.789736+00', 22998);
INSERT INTO l_artist_url (edits_pending, entity0, entity1, id, last_updated, link) VALUES (0, 779, 4576, 233255, '2011-01-18 16:23:37.789736+00', 22986);
INSERT INTO l_artist_url (edits_pending, entity0, entity1, id, last_updated, link) VALUES (0, 779, 315339, 109146, '2011-01-18 16:23:37.789736+00', 22987);
INSERT INTO l_artist_url (edits_pending, entity0, entity1, id, last_updated, link) VALUES (0, 779, 315341, 109459, '2011-01-18 16:23:37.789736+00', 22988);
INSERT INTO l_artist_url (edits_pending, entity0, entity1, id, last_updated, link) VALUES (0, 779, 862, 238737, '2011-01-18 16:23:37.789736+00', 22989);
INSERT INTO l_artist_url (edits_pending, entity0, entity1, id, last_updated, link) VALUES (0, 779, 5017, 228777, '2011-01-18 16:23:37.789736+00', 22989);
INSERT INTO l_artist_url (edits_pending, entity0, entity1, id, last_updated, link) VALUES (0, 779, 845, 238299, '2011-01-18 16:23:37.789736+00', 22990);
INSERT INTO l_artist_url (edits_pending, entity0, entity1, id, last_updated, link) VALUES (0, 779, 4577, 233469, '2011-01-18 16:23:37.789736+00', 22993);
INSERT INTO l_artist_url (edits_pending, entity0, entity1, id, last_updated, link) VALUES (0, 779, 583417, 133397, '2011-01-18 16:23:37.789736+00', 22994);
INSERT INTO l_artist_url (edits_pending, entity0, entity1, id, last_updated, link) VALUES (0, 779, 6731, 229674, '2011-01-18 16:23:37.789736+00', 22999);
INSERT INTO l_artist_url (edits_pending, entity0, entity1, id, last_updated, link) VALUES (0, 779, 823931, 303311, '2011-01-18 16:23:37.789736+00', 23007);
INSERT INTO l_artist_url (edits_pending, entity0, entity1, id, last_updated, link) VALUES (0, 779, 315340, 109304, '2011-01-18 16:23:37.789736+00', 23008);
INSERT INTO l_artist_url (edits_pending, entity0, entity1, id, last_updated, link) VALUES (0, 180273, 415041, 247653, '2011-01-18 16:23:37.789736+00', 22986);
INSERT INTO l_artist_url (edits_pending, entity0, entity1, id, last_updated, link) VALUES (0, 242, 12091, 219221, '2011-01-18 16:23:37.789736+00', 22986);
INSERT INTO l_artist_url (edits_pending, entity0, entity1, id, last_updated, link) VALUES (0, 242, 293562, 268950, '2011-01-18 16:23:37.789736+00', 22987);
INSERT INTO l_artist_url (edits_pending, entity0, entity1, id, last_updated, link) VALUES (0, 242, 546974, 275820, '2011-01-18 16:23:37.789736+00', 22988);
INSERT INTO l_artist_url (edits_pending, entity0, entity1, id, last_updated, link) VALUES (0, 242, 2943, 234381, '2011-01-18 16:23:37.789736+00', 22989);
INSERT INTO l_artist_url (edits_pending, entity0, entity1, id, last_updated, link) VALUES (0, 242, 567, 239389, '2011-01-18 16:23:37.789736+00', 22990);
INSERT INTO l_artist_url (edits_pending, entity0, entity1, id, last_updated, link) VALUES (0, 242, 17013, 212368, '2011-01-18 16:23:37.789736+00', 22990);
INSERT INTO l_artist_url (edits_pending, entity0, entity1, id, last_updated, link) VALUES (0, 242, 76927, 153908, '2011-01-18 16:23:37.789736+00', 22990);
INSERT INTO l_artist_url (edits_pending, entity0, entity1, id, last_updated, link) VALUES (0, 242, 583680, 163538, '2011-01-18 16:23:37.789736+00', 22994);
INSERT INTO l_artist_url (edits_pending, entity0, entity1, id, last_updated, link) VALUES (0, 242, 3905, 227845, '2011-01-18 16:23:37.789736+00', 22999);
INSERT INTO l_artist_url (edits_pending, entity0, entity1, id, last_updated, link) VALUES (0, 242, 759131, 256572, '2011-01-18 16:23:37.789736+00', 23004);
INSERT INTO l_artist_url (edits_pending, entity0, entity1, id, last_updated, link) VALUES (0, 242, 759135, 256254, '2011-01-18 16:23:37.789736+00', 23004);
INSERT INTO l_artist_url (edits_pending, entity0, entity1, id, last_updated, link) VALUES (0, 242, 759133, 256416, '2011-01-18 16:23:37.789736+00', 23007);
INSERT INTO l_artist_url (edits_pending, entity0, entity1, id, last_updated, link) VALUES (0, 242, 546973, 275968, '2011-01-18 16:23:37.789736+00', 23008);

INSERT INTO l_artist_work (edits_pending, entity0, entity1, id, last_updated, link) VALUES (0, 427385, 7905446, 1117124, '2013-04-02 17:42:38.063723+00', 1123780);

INSERT INTO l_recording_recording (edits_pending, entity0, entity1, id, last_updated, link) VALUES (0, 4223059, 4223061, 37160, '2011-01-18 15:56:00.408782+00', 23805);
INSERT INTO l_recording_recording (edits_pending, entity0, entity1, id, last_updated, link) VALUES (0, 2726271, 1462891, 53211, '2011-01-18 15:56:00.408782+00', 23799);

INSERT INTO l_recording_release (edits_pending, entity0, entity1, id, last_updated, link) VALUES (0, 7905440, 459740, 1, '2011-01-18 15:56:00.408782+00', 6059);

INSERT INTO l_recording_work (edits_pending, entity0, entity1, id, last_updated, link) VALUES (0, 7905446, 7905446, 43140, '2011-01-18 16:15:33.876477+00', 23865);
INSERT INTO l_recording_work (edits_pending, entity0, entity1, id, last_updated, link) VALUES (0, 4223061, 4223059, 60649, '2011-01-18 16:15:33.876477+00', 23865);
INSERT INTO l_recording_work (edits_pending, entity0, entity1, id, last_updated, link) VALUES (0, 1542682, 1542682, 239469, '2011-01-18 16:15:33.876477+00', 23865);
INSERT INTO l_recording_work (edits_pending, entity0, entity1, id, last_updated, link) VALUES (0, 1542684, 1542684, 76476, '2011-01-18 16:15:33.876477+00', 23865);
INSERT INTO l_recording_work (edits_pending, entity0, entity1, id, last_updated, link) VALUES (0, 7905443, 7905443, 186752, '2011-01-18 16:15:33.876477+00', 23865);
INSERT INTO l_recording_work (edits_pending, entity0, entity1, id, last_updated, link) VALUES (0, 7905441, 7905441, 263470, '2011-01-18 16:15:33.876477+00', 23865);
INSERT INTO l_recording_work (edits_pending, entity0, entity1, id, last_updated, link) VALUES (0, 162926, 162926, 265759, '2011-01-18 16:15:33.876477+00', 23865);
INSERT INTO l_recording_work (edits_pending, entity0, entity1, id, last_updated, link) VALUES (0, 1542685, 1542685, 145893, '2011-01-18 16:15:33.876477+00', 23865);
INSERT INTO l_recording_work (edits_pending, entity0, entity1, id, last_updated, link) VALUES (0, 3622825, 3622825, 73089, '2011-01-18 16:15:33.876477+00', 23865);
INSERT INTO l_recording_work (edits_pending, entity0, entity1, id, last_updated, link) VALUES (0, 1307406, 1307406, 107026, '2011-01-18 16:15:33.876477+00', 23865);
INSERT INTO l_recording_work (edits_pending, entity0, entity1, id, last_updated, link) VALUES (0, 3451975, 3451975, 257745, '2011-01-18 16:15:33.876477+00', 23865);
INSERT INTO l_recording_work (edits_pending, entity0, entity1, id, last_updated, link) VALUES (0, 3622823, 3622823, 41700, '2011-01-18 16:15:33.876477+00', 23865);
INSERT INTO l_recording_work (edits_pending, entity0, entity1, id, last_updated, link) VALUES (0, 1542691, 1542691, 116653, '2011-01-18 16:15:33.876477+00', 23865);
INSERT INTO l_recording_work (edits_pending, entity0, entity1, id, last_updated, link) VALUES (0, 4223059, 4223059, 83730, '2011-01-18 16:15:33.876477+00', 23865);
INSERT INTO l_recording_work (edits_pending, entity0, entity1, id, last_updated, link) VALUES (0, 162924, 162924, 237367, '2011-01-18 16:15:33.876477+00', 23865);
INSERT INTO l_recording_work (edits_pending, entity0, entity1, id, last_updated, link) VALUES (0, 1542690, 1542690, 35331, '2011-01-18 16:15:33.876477+00', 23865);
INSERT INTO l_recording_work (edits_pending, entity0, entity1, id, last_updated, link) VALUES (0, 7905439, 7905439, 123565, '2011-01-18 16:15:33.876477+00', 23865);
INSERT INTO l_recording_work (edits_pending, entity0, entity1, id, last_updated, link) VALUES (0, 7905445, 7905445, 248093, '2011-01-18 16:15:33.876477+00', 23865);
INSERT INTO l_recording_work (edits_pending, entity0, entity1, id, last_updated, link) VALUES (0, 1542688, 1542688, 169875, '2011-01-18 16:15:33.876477+00', 23865);
INSERT INTO l_recording_work (edits_pending, entity0, entity1, id, last_updated, link) VALUES (0, 4525123, 4525123, 186192, '2011-01-18 16:15:33.876477+00', 23865);
INSERT INTO l_recording_work (edits_pending, entity0, entity1, id, last_updated, link) VALUES (0, 2726271, 2726271, 145497, '2011-01-18 16:15:33.876477+00', 23865);
INSERT INTO l_recording_work (edits_pending, entity0, entity1, id, last_updated, link) VALUES (0, 162922, 162922, 32868, '2011-01-18 16:15:33.876477+00', 23865);
INSERT INTO l_recording_work (edits_pending, entity0, entity1, id, last_updated, link) VALUES (0, 3622831, 3622831, 255365, '2011-01-18 16:15:33.876477+00', 23865);
INSERT INTO l_recording_work (edits_pending, entity0, entity1, id, last_updated, link) VALUES (0, 4844122, 1353887, 102645, '2011-01-18 16:15:33.876477+00', 23865);
INSERT INTO l_recording_work (edits_pending, entity0, entity1, id, last_updated, link) VALUES (0, 3451976, 3451976, 126513, '2011-01-18 16:15:33.876477+00', 23865);
INSERT INTO l_recording_work (edits_pending, entity0, entity1, id, last_updated, link) VALUES (0, 7905442, 7905442, 56348, '2011-01-18 16:15:33.876477+00', 23865);
INSERT INTO l_recording_work (edits_pending, entity0, entity1, id, last_updated, link) VALUES (0, 3622828, 3622828, 71959, '2011-01-18 16:15:33.876477+00', 23865);
INSERT INTO l_recording_work (edits_pending, entity0, entity1, id, last_updated, link) VALUES (0, 1353886, 1353886, 256888, '2011-01-18 16:15:33.876477+00', 23865);
INSERT INTO l_recording_work (edits_pending, entity0, entity1, id, last_updated, link) VALUES (0, 3584195, 3584195, 163067, '2011-01-18 16:15:33.876477+00', 23865);
INSERT INTO l_recording_work (edits_pending, entity0, entity1, id, last_updated, link) VALUES (0, 2726278, 2726278, 226592, '2011-01-18 16:15:33.876477+00', 23865);
INSERT INTO l_recording_work (edits_pending, entity0, entity1, id, last_updated, link) VALUES (0, 2726280, 2726280, 242615, '2011-01-18 16:15:33.876477+00', 23865);
INSERT INTO l_recording_work (edits_pending, entity0, entity1, id, last_updated, link) VALUES (0, 1542686, 1542686, 274154, '2011-01-18 16:15:33.876477+00', 23865);
INSERT INTO l_recording_work (edits_pending, entity0, entity1, id, last_updated, link) VALUES (0, 2726276, 2726276, 255756, '2011-01-18 16:15:33.876477+00', 23865);
INSERT INTO l_recording_work (edits_pending, entity0, entity1, id, last_updated, link) VALUES (0, 1062699, 203492, 223131, '2011-01-18 16:15:33.876477+00', 23865);
INSERT INTO l_recording_work (edits_pending, entity0, entity1, id, last_updated, link) VALUES (0, 1542683, 1542683, 120208, '2011-01-18 16:15:33.876477+00', 23865);
INSERT INTO l_recording_work (edits_pending, entity0, entity1, id, last_updated, link) VALUES (0, 3622826, 3622826, 51390, '2011-01-18 16:15:33.876477+00', 23865);
INSERT INTO l_recording_work (edits_pending, entity0, entity1, id, last_updated, link) VALUES (0, 162923, 162923, 72207, '2011-01-18 16:15:33.876477+00', 23865);
INSERT INTO l_recording_work (edits_pending, entity0, entity1, id, last_updated, link) VALUES (0, 160074, 162920, 180364, '2011-01-18 16:15:33.876477+00', 23865);
INSERT INTO l_recording_work (edits_pending, entity0, entity1, id, last_updated, link) VALUES (0, 162925, 162925, 13295, '2011-01-18 16:15:33.876477+00', 23865);
INSERT INTO l_recording_work (edits_pending, entity0, entity1, id, last_updated, link) VALUES (0, 7905440, 7905440, 102181, '2011-01-18 16:15:33.876477+00', 23865);
INSERT INTO l_recording_work (edits_pending, entity0, entity1, id, last_updated, link) VALUES (0, 2726272, 2726272, 53184, '2011-01-18 16:15:33.876477+00', 23865);
INSERT INTO l_recording_work (edits_pending, entity0, entity1, id, last_updated, link) VALUES (0, 3622830, 3622830, 30381, '2011-01-18 16:15:33.876477+00', 23865);
INSERT INTO l_recording_work (edits_pending, entity0, entity1, id, last_updated, link) VALUES (0, 3622827, 3622827, 243421, '2011-01-18 16:15:33.876477+00', 23865);
INSERT INTO l_recording_work (edits_pending, entity0, entity1, id, last_updated, link) VALUES (0, 1542687, 1542687, 151402, '2011-01-18 16:15:33.876477+00', 23865);
INSERT INTO l_recording_work (edits_pending, entity0, entity1, id, last_updated, link) VALUES (0, 2726281, 2726281, 251750, '2011-01-18 16:15:33.876477+00', 23865);
INSERT INTO l_recording_work (edits_pending, entity0, entity1, id, last_updated, link) VALUES (0, 1542689, 1542689, 60385, '2011-01-18 16:15:33.876477+00', 23865);
INSERT INTO l_recording_work (edits_pending, entity0, entity1, id, last_updated, link) VALUES (0, 4844121, 203493, 208511, '2011-01-18 16:15:33.876477+00', 23865);
INSERT INTO l_recording_work (edits_pending, entity0, entity1, id, last_updated, link) VALUES (0, 4223060, 4223060, 172361, '2011-01-18 16:15:33.876477+00', 23865);
INSERT INTO l_recording_work (edits_pending, entity0, entity1, id, last_updated, link) VALUES (0, 2726274, 2726274, 228828, '2011-01-18 16:15:33.876477+00', 23865);
INSERT INTO l_recording_work (edits_pending, entity0, entity1, id, last_updated, link) VALUES (0, 4844123, 1353888, 218392, '2011-01-18 16:15:33.876477+00', 23865);
INSERT INTO l_recording_work (edits_pending, entity0, entity1, id, last_updated, link) VALUES (0, 3622822, 3622822, 2172, '2011-01-18 16:15:33.876477+00', 23865);
INSERT INTO l_recording_work (edits_pending, entity0, entity1, id, last_updated, link) VALUES (0, 162927, 162927, 245715, '2011-01-18 16:15:33.876477+00', 23865);
INSERT INTO l_recording_work (edits_pending, entity0, entity1, id, last_updated, link) VALUES (0, 3584196, 3584196, 249614, '2011-01-18 16:15:33.876477+00', 23865);
INSERT INTO l_recording_work (edits_pending, entity0, entity1, id, last_updated, link) VALUES (0, 3584196, 3622832, 99903, '2011-01-18 16:15:33.876477+00', 23865);
INSERT INTO l_recording_work (edits_pending, entity0, entity1, id, last_updated, link) VALUES (0, 162921, 162921, 207495, '2011-01-18 16:15:33.876477+00', 23865);
INSERT INTO l_recording_work (edits_pending, entity0, entity1, id, last_updated, link) VALUES (0, 2726275, 211564, 8120, '2011-01-18 16:15:33.876477+00', 23865);
INSERT INTO l_recording_work (edits_pending, entity0, entity1, id, last_updated, link) VALUES (0, 2726277, 2726277, 230405, '2011-01-18 16:15:33.876477+00', 23865);

INSERT INTO l_release_group_url (edits_pending, entity0, entity1, id, last_updated, link) VALUES (0, 403214, 615313, 4356, '2011-01-18 16:23:37.789736+00', 6067);
INSERT INTO l_release_group_url (edits_pending, entity0, entity1, id, last_updated, link) VALUES (0, 403214, 615327, 4613, '2011-01-18 16:23:37.789736+00', 6067);
INSERT INTO l_release_group_url (edits_pending, entity0, entity1, id, last_updated, link) VALUES (0, 155364, 151488, 35912, '2011-01-18 16:23:37.789736+00', 6067);
INSERT INTO l_release_group_url (edits_pending, entity0, entity1, id, last_updated, link) VALUES (0, 87135, 525896, 36214, '2011-01-18 16:23:37.789736+00', 6067);
INSERT INTO l_release_group_url (edits_pending, entity0, entity1, id, last_updated, link) VALUES (0, 724150, 118623, 40271, '2011-01-18 16:23:37.789736+00', 6067);
INSERT INTO l_release_group_url (edits_pending, entity0, entity1, id, last_updated, link) VALUES (0, 326504, 263365, 149, '2011-01-18 16:23:37.789736+00', 6067);
INSERT INTO l_release_group_url (edits_pending, entity0, entity1, id, last_updated, link) VALUES (0, 326504, 639380, 4774, '2011-01-18 16:23:37.789736+00', 6067);
INSERT INTO l_release_group_url (edits_pending, entity0, entity1, id, last_updated, link) VALUES (0, 326504, 639381, 4913, '2011-01-18 16:23:37.789736+00', 6073);
INSERT INTO l_release_group_url (edits_pending, entity0, entity1, id, last_updated, link) VALUES (0, 47743, 148612, 37131, '2011-01-18 16:23:37.789736+00', 6067);
INSERT INTO l_release_group_url (edits_pending, entity0, entity1, id, last_updated, link) VALUES (0, 18759, 8714, 45144, '2011-01-18 16:23:37.789736+00', 6067);

INSERT INTO l_release_release (edits_pending, entity0, entity1, id, last_updated, link) VALUES (0, 49161, 123054, 4671, '2011-01-18 15:52:02.917556+00', 4);
INSERT INTO l_release_release (edits_pending, entity0, entity1, id, last_updated, link) VALUES (0, 558940, 4675, 23136, '2011-01-18 15:52:02.917556+00', 4);
INSERT INTO l_release_release (edits_pending, entity0, entity1, id, last_updated, link) VALUES (0, 59312, 4675, 23137, '2011-01-18 15:52:02.917556+00', 4);

INSERT INTO l_release_url (edits_pending, entity0, entity1, id, last_updated, link) VALUES (0, 596488, 718203, 317263, '2011-01-18 16:23:37.789736+00', 6065);
INSERT INTO l_release_url (edits_pending, entity0, entity1, id, last_updated, link) VALUES (0, 601118, 198087, 187319, '2011-01-18 16:23:37.789736+00', 6064);
INSERT INTO l_release_url (edits_pending, entity0, entity1, id, last_updated, link) VALUES (0, 601118, 431688, 75387, '2011-01-18 16:23:37.789736+00', 6065);
INSERT INTO l_release_url (edits_pending, entity0, entity1, id, last_updated, link) VALUES (0, 601118, 672191, 271892, '2011-01-18 16:23:37.789736+00', 6065);
INSERT INTO l_release_url (edits_pending, entity0, entity1, id, last_updated, link) VALUES (0, 601118, 727332, 256226, '2011-01-18 16:23:37.789736+00', 6065);
INSERT INTO l_release_url (edits_pending, entity0, entity1, id, last_updated, link) VALUES (0, 400930, 415535, 413582, '2011-01-18 16:23:37.789736+00', 6064);
INSERT INTO l_release_url (edits_pending, entity0, entity1, id, last_updated, link) VALUES (0, 400930, 415537, 414387, '2011-01-18 16:23:37.789736+00', 6065);
INSERT INTO l_release_url (edits_pending, entity0, entity1, id, last_updated, link) VALUES (0, 596489, 718203, 317264, '2011-01-18 16:23:37.789736+00', 6065);
INSERT INTO l_release_url (edits_pending, entity0, entity1, id, last_updated, link) VALUES (0, 372913, 336227, 367851, '2011-01-18 16:23:37.789736+00', 6065);
INSERT INTO l_release_url (edits_pending, entity0, entity1, id, last_updated, link) VALUES (0, 596492, 718203, 317267, '2011-01-18 16:23:37.789736+00', 6065);
INSERT INTO l_release_url (edits_pending, entity0, entity1, id, last_updated, link) VALUES (0, 630919, 431688, 75394, '2011-01-18 16:23:37.789736+00', 6065);
INSERT INTO l_release_url (edits_pending, entity0, entity1, id, last_updated, link) VALUES (0, 630919, 672191, 271899, '2011-01-18 16:23:37.789736+00', 6065);
INSERT INTO l_release_url (edits_pending, entity0, entity1, id, last_updated, link) VALUES (0, 630919, 727332, 256233, '2011-01-18 16:23:37.789736+00', 6065);
INSERT INTO l_release_url (edits_pending, entity0, entity1, id, last_updated, link) VALUES (0, 479654, 431688, 75395, '2011-01-18 16:23:37.789736+00', 6065);
INSERT INTO l_release_url (edits_pending, entity0, entity1, id, last_updated, link) VALUES (0, 479654, 672191, 271900, '2011-01-18 16:23:37.789736+00', 6065);
INSERT INTO l_release_url (edits_pending, entity0, entity1, id, last_updated, link) VALUES (0, 479654, 727332, 256234, '2011-01-18 16:23:37.789736+00', 6065);
INSERT INTO l_release_url (edits_pending, entity0, entity1, id, last_updated, link) VALUES (0, 446581, 748185, 227728, '2011-01-18 16:23:37.789736+00', 6064);
INSERT INTO l_release_url (edits_pending, entity0, entity1, id, last_updated, link) VALUES (0, 446581, 748186, 227877, '2011-01-18 16:23:37.789736+00', 6065);
INSERT INTO l_release_url (edits_pending, entity0, entity1, id, last_updated, link) VALUES (0, 361465, 323033, 7868, '2011-01-18 16:23:37.789736+00', 6065);
INSERT INTO l_release_url (edits_pending, entity0, entity1, id, last_updated, link) VALUES (0, 442242, 464482, 93030, '2011-01-18 16:23:37.789736+00', 6064);
INSERT INTO l_release_url (edits_pending, entity0, entity1, id, last_updated, link) VALUES (0, 19969, 219565, 143706, '2011-01-18 16:23:37.789736+00', 6064);
INSERT INTO l_release_url (edits_pending, entity0, entity1, id, last_updated, link) VALUES (0, 19969, 219569, 143553, '2011-01-18 16:23:37.789736+00', 6065);
INSERT INTO l_release_url (edits_pending, entity0, entity1, id, last_updated, link) VALUES (0, 19969, 293952, 105179, '2011-01-18 16:23:37.789736+00', 6065);
INSERT INTO l_release_url (edits_pending, entity0, entity1, id, last_updated, link) VALUES (0, 207481, 355925, 352360, '2011-01-18 16:23:37.789736+00', 6064);
INSERT INTO l_release_url (edits_pending, entity0, entity1, id, last_updated, link) VALUES (0, 207481, 718203, 317261, '2011-01-18 16:23:37.789736+00', 6065);
INSERT INTO l_release_url (edits_pending, entity0, entity1, id, last_updated, link) VALUES (0, 441328, 431688, 75389, '2011-01-18 16:23:37.789736+00', 6065);
INSERT INTO l_release_url (edits_pending, entity0, entity1, id, last_updated, link) VALUES (0, 441328, 672191, 271894, '2011-01-18 16:23:37.789736+00', 6065);
INSERT INTO l_release_url (edits_pending, entity0, entity1, id, last_updated, link) VALUES (0, 441328, 727332, 256228, '2011-01-18 16:23:37.789736+00', 6065);
INSERT INTO l_release_url (edits_pending, entity0, entity1, id, last_updated, link) VALUES (0, 24752, 151497, 308465, '2011-01-18 16:23:37.789736+00', 6065);
INSERT INTO l_release_url (edits_pending, entity0, entity1, id, last_updated, link) VALUES (0, 24752, 177282, 248391, '2011-01-18 16:23:37.789736+00', 6065);
INSERT INTO l_release_url (edits_pending, entity0, entity1, id, last_updated, link) VALUES (0, 24752, 366634, 367276, '2011-01-18 16:23:37.789736+00', 6064);
INSERT INTO l_release_url (edits_pending, entity0, entity1, id, last_updated, link) VALUES (0, 24752, 697220, 412426, '2011-01-18 16:23:37.789736+00', 6065);
INSERT INTO l_release_url (edits_pending, entity0, entity1, id, last_updated, link) VALUES (0, 329521, 283347, 431090, '2011-01-18 16:23:37.789736+00', 6065);
INSERT INTO l_release_url (edits_pending, entity0, entity1, id, last_updated, link) VALUES (0, 4675, 80267, 495908, '2011-01-18 16:23:37.789736+00', 6064);
INSERT INTO l_release_url (edits_pending, entity0, entity1, id, last_updated, link) VALUES (0, 238598, 172029, 262661, '2011-01-18 16:23:37.789736+00', 6065);
INSERT INTO l_release_url (edits_pending, entity0, entity1, id, last_updated, link) VALUES (0, 748905, 219569, 143555, '2011-01-18 16:23:37.789736+00', 6065);
INSERT INTO l_release_url (edits_pending, entity0, entity1, id, last_updated, link) VALUES (0, 748905, 293952, 105181, '2011-01-18 16:23:37.789736+00', 6065);
INSERT INTO l_release_url (edits_pending, entity0, entity1, id, last_updated, link) VALUES (0, 59662, 573314, 22747, '2011-01-18 16:23:37.789736+00', 6064);
INSERT INTO l_release_url (edits_pending, entity0, entity1, id, last_updated, link) VALUES (0, 31689, 219569, 143556, '2011-01-18 16:23:37.789736+00', 6065);
INSERT INTO l_release_url (edits_pending, entity0, entity1, id, last_updated, link) VALUES (0, 31689, 293952, 105182, '2011-01-18 16:23:37.789736+00', 6065);
INSERT INTO l_release_url (edits_pending, entity0, entity1, id, last_updated, link) VALUES (0, 580942, 718203, 317262, '2011-01-18 16:23:37.789736+00', 6065);
INSERT INTO l_release_url (edits_pending, entity0, entity1, id, last_updated, link) VALUES (0, 49161, 71412, 15028, '2011-01-18 16:23:37.789736+00', 6064);
INSERT INTO l_release_url (edits_pending, entity0, entity1, id, last_updated, link) VALUES (0, 32094, 148610, 322283, '2011-01-18 16:23:37.789736+00', 6065);
INSERT INTO l_release_url (edits_pending, entity0, entity1, id, last_updated, link) VALUES (0, 32094, 148611, 85985, '2011-01-18 16:23:37.789736+00', 6064);
INSERT INTO l_release_url (edits_pending, entity0, entity1, id, last_updated, link) VALUES (0, 32094, 612805, 122520, '2011-01-18 16:23:37.789736+00', 6076);
INSERT INTO l_release_url (edits_pending, entity0, entity1, id, last_updated, link) VALUES (0, 243064, 151497, 308463, '2011-01-18 16:23:37.789736+00', 6065);
INSERT INTO l_release_url (edits_pending, entity0, entity1, id, last_updated, link) VALUES (0, 243064, 177282, 248389, '2011-01-18 16:23:37.789736+00', 6065);
INSERT INTO l_release_url (edits_pending, entity0, entity1, id, last_updated, link) VALUES (0, 243064, 366634, 367275, '2011-01-18 16:23:37.789736+00', 6064);
INSERT INTO l_release_url (edits_pending, entity0, entity1, id, last_updated, link) VALUES (0, 243064, 697220, 412424, '2011-01-18 16:23:37.789736+00', 6065);
INSERT INTO l_release_url (edits_pending, entity0, entity1, id, last_updated, link) VALUES (0, 12998, 431688, 75393, '2011-01-18 16:23:37.789736+00', 6065);
INSERT INTO l_release_url (edits_pending, entity0, entity1, id, last_updated, link) VALUES (0, 12998, 672191, 271898, '2011-01-18 16:23:37.789736+00', 6065);
INSERT INTO l_release_url (edits_pending, entity0, entity1, id, last_updated, link) VALUES (0, 12998, 727332, 256232, '2011-01-18 16:23:37.789736+00', 6065);
INSERT INTO l_release_url (edits_pending, entity0, entity1, id, last_updated, link) VALUES (0, 278984, 198087, 187320, '2011-01-18 16:23:37.789736+00', 6064);
INSERT INTO l_release_url (edits_pending, entity0, entity1, id, last_updated, link) VALUES (0, 278984, 431688, 75388, '2011-01-18 16:23:37.789736+00', 6065);
INSERT INTO l_release_url (edits_pending, entity0, entity1, id, last_updated, link) VALUES (0, 278984, 672191, 271893, '2011-01-18 16:23:37.789736+00', 6065);
INSERT INTO l_release_url (edits_pending, entity0, entity1, id, last_updated, link) VALUES (0, 278984, 727332, 256227, '2011-01-18 16:23:37.789736+00', 6065);
INSERT INTO l_release_url (edits_pending, entity0, entity1, id, last_updated, link) VALUES (0, 375273, 132428, 191108, '2011-01-18 16:23:37.789736+00', 6066);
INSERT INTO l_release_url (edits_pending, entity0, entity1, id, last_updated, link) VALUES (0, 375273, 339078, 190583, '2011-01-18 16:23:37.789736+00', 6064);
INSERT INTO l_release_url (edits_pending, entity0, entity1, id, last_updated, link) VALUES (0, 375273, 339083, 191617, '2011-01-18 16:23:37.789736+00', 6077);
INSERT INTO l_release_url (edits_pending, entity0, entity1, id, last_updated, link) VALUES (0, 596490, 718203, 317265, '2011-01-18 16:23:37.789736+00', 6065);
INSERT INTO l_release_url (edits_pending, entity0, entity1, id, last_updated, link) VALUES (0, 654729, 151497, 308464, '2011-01-18 16:23:37.789736+00', 6065);
INSERT INTO l_release_url (edits_pending, entity0, entity1, id, last_updated, link) VALUES (0, 654729, 177282, 248390, '2011-01-18 16:23:37.789736+00', 6065);
INSERT INTO l_release_url (edits_pending, entity0, entity1, id, last_updated, link) VALUES (0, 654729, 697220, 412425, '2011-01-18 16:23:37.789736+00', 6065);
INSERT INTO l_release_url (edits_pending, entity0, entity1, id, last_updated, link) VALUES (0, 278075, 219569, 143551, '2011-01-18 16:23:37.789736+00', 6065);
INSERT INTO l_release_url (edits_pending, entity0, entity1, id, last_updated, link) VALUES (0, 278075, 293952, 105177, '2011-01-18 16:23:37.789736+00', 6065);
INSERT INTO l_release_url (edits_pending, entity0, entity1, id, last_updated, link) VALUES (0, 558940, 80267, 124990, '2011-01-18 16:23:37.789736+00', 6064);
INSERT INTO l_release_url (edits_pending, entity0, entity1, id, last_updated, link) VALUES (0, 59312, 81849, 499308, '2011-01-18 16:23:37.789736+00', 6064);
INSERT INTO l_release_url (edits_pending, entity0, entity1, id, last_updated, link) VALUES (0, 748906, 464482, 93031, '2011-01-18 16:23:37.789736+00', 6064);
INSERT INTO l_release_url (edits_pending, entity0, entity1, id, last_updated, link) VALUES (0, 31690, 219565, 143705, '2011-01-18 16:23:37.789736+00', 6064);
INSERT INTO l_release_url (edits_pending, entity0, entity1, id, last_updated, link) VALUES (0, 31690, 219569, 143552, '2011-01-18 16:23:37.789736+00', 6065);
INSERT INTO l_release_url (edits_pending, entity0, entity1, id, last_updated, link) VALUES (0, 31690, 293952, 105178, '2011-01-18 16:23:37.789736+00', 6065);
INSERT INTO l_release_url (edits_pending, entity0, entity1, id, last_updated, link) VALUES (0, 8312, 239030, 81086, '2011-01-18 16:23:37.789736+00', 6065);
INSERT INTO l_release_url (edits_pending, entity0, entity1, id, last_updated, link) VALUES (0, 8312, 345264, 337984, '2011-01-18 16:23:37.789736+00', 6064);
INSERT INTO l_release_url (edits_pending, entity0, entity1, id, last_updated, link) VALUES (0, 513103, 431688, 75390, '2011-01-18 16:23:37.789736+00', 6065);
INSERT INTO l_release_url (edits_pending, entity0, entity1, id, last_updated, link) VALUES (0, 513103, 672191, 271895, '2011-01-18 16:23:37.789736+00', 6065);
INSERT INTO l_release_url (edits_pending, entity0, entity1, id, last_updated, link) VALUES (0, 513103, 727332, 256229, '2011-01-18 16:23:37.789736+00', 6065);
INSERT INTO l_release_url (edits_pending, entity0, entity1, id, last_updated, link) VALUES (0, 596491, 718203, 317266, '2011-01-18 16:23:37.789736+00', 6065);
INSERT INTO l_release_url (edits_pending, entity0, entity1, id, last_updated, link) VALUES (0, 630918, 431688, 75396, '2011-01-18 16:23:37.789736+00', 6065);
INSERT INTO l_release_url (edits_pending, entity0, entity1, id, last_updated, link) VALUES (0, 630918, 672191, 271901, '2011-01-18 16:23:37.789736+00', 6065);
INSERT INTO l_release_url (edits_pending, entity0, entity1, id, last_updated, link) VALUES (0, 630918, 727332, 256235, '2011-01-18 16:23:37.789736+00', 6065);
INSERT INTO l_release_url (edits_pending, entity0, entity1, id, last_updated, link) VALUES (0, 523041, 431688, 75391, '2011-01-18 16:23:37.789736+00', 6065);
INSERT INTO l_release_url (edits_pending, entity0, entity1, id, last_updated, link) VALUES (0, 523041, 672191, 271896, '2011-01-18 16:23:37.789736+00', 6065);
INSERT INTO l_release_url (edits_pending, entity0, entity1, id, last_updated, link) VALUES (0, 523041, 727332, 256230, '2011-01-18 16:23:37.789736+00', 6065);
INSERT INTO l_release_url (edits_pending, entity0, entity1, id, last_updated, link) VALUES (0, 246898, 181390, 229435, '2011-01-18 16:23:37.789736+00', 6065);
INSERT INTO l_release_url (edits_pending, entity0, entity1, id, last_updated, link) VALUES (0, 246898, 197281, 175461, '2011-01-18 16:23:37.789736+00', 6064);
INSERT INTO l_release_url (edits_pending, entity0, entity1, id, last_updated, link) VALUES (0, 123054, 71412, 492344, '2011-01-18 16:23:37.789736+00', 6064);
INSERT INTO l_release_url (edits_pending, entity0, entity1, id, last_updated, link) VALUES (0, 338506, 219569, 143554, '2011-01-18 16:23:37.789736+00', 6065);
INSERT INTO l_release_url (edits_pending, entity0, entity1, id, last_updated, link) VALUES (0, 338506, 293951, 105029, '2011-01-18 16:23:37.789736+00', 6064);
INSERT INTO l_release_url (edits_pending, entity0, entity1, id, last_updated, link) VALUES (0, 338506, 293952, 105180, '2011-01-18 16:23:37.789736+00', 6065);
INSERT INTO l_release_url (edits_pending, entity0, entity1, id, last_updated, link) VALUES (0, 553372, 431688, 75392, '2011-01-18 16:23:37.789736+00', 6065);
INSERT INTO l_release_url (edits_pending, entity0, entity1, id, last_updated, link) VALUES (0, 553372, 672191, 271897, '2011-01-18 16:23:37.789736+00', 6065);
INSERT INTO l_release_url (edits_pending, entity0, entity1, id, last_updated, link) VALUES (0, 553372, 727332, 256231, '2011-01-18 16:23:37.789736+00', 6065);
INSERT INTO l_release_url (edits_pending, entity0, entity1, id, last_updated, link) VALUES (0, 672077, 718203, 317268, '2011-01-18 16:23:37.789736+00', 6065);
INSERT INTO l_release_url (edits_pending, entity0, entity1, id, last_updated, link) VALUES (0, 509518, 148610, 322284, '2011-01-18 16:23:37.789736+00', 6065);
INSERT INTO l_release_url (edits_pending, entity0, entity1, id, last_updated, link) VALUES (0, 509518, 612805, 122521, '2011-01-18 16:23:37.789736+00', 6076);
INSERT INTO l_release_url (edits_pending, entity0, entity1, id, last_updated, link) VALUES (0, 459740, 485359, 75581, '2011-01-18 16:23:37.789736+00', 6064);
INSERT INTO l_release_url (edits_pending, entity0, entity1, id, last_updated, link) VALUES (0, 459740, 493018, 148046, '2011-01-18 16:23:37.789736+00', 6070);
INSERT INTO l_release_url (edits_pending, entity0, entity1, id, last_updated, link) VALUES (0, 459740, 493020, 317798, '2011-01-18 16:23:37.789736+00', 6064);

INSERT INTO l_label_recording (edits_pending, entity0, entity1, id, last_updated, link) VALUES (0, 36456, 1062699, 989, '2011-01-18 15:56:00.408782+00', 23758);
INSERT INTO l_label_recording (edits_pending, entity0, entity1, id, last_updated, link) VALUES (0, 36456, 1353886, 288, '2011-01-18 15:56:00.408782+00', 23758);
INSERT INTO l_label_recording (edits_pending, entity0, entity1, id, last_updated, link) VALUES (0, 36456, 2726271, 993, '2011-01-18 15:56:00.408782+00', 23758);
INSERT INTO l_label_recording (edits_pending, entity0, entity1, id, last_updated, link) VALUES (0, 36456, 2726272, 983, '2011-01-18 15:56:00.408782+00', 23758);
INSERT INTO l_label_recording (edits_pending, entity0, entity1, id, last_updated, link) VALUES (0, 36456, 2726274, 985, '2011-01-18 15:56:00.408782+00', 23758);
INSERT INTO l_label_recording (edits_pending, entity0, entity1, id, last_updated, link) VALUES (0, 36456, 2726275, 43, '2011-01-18 15:56:00.408782+00', 23758);
INSERT INTO l_label_recording (edits_pending, entity0, entity1, id, last_updated, link) VALUES (0, 36456, 2726276, 995, '2011-01-18 15:56:00.408782+00', 23758);
INSERT INTO l_label_recording (edits_pending, entity0, entity1, id, last_updated, link) VALUES (0, 36456, 2726277, 987, '2011-01-18 15:56:00.408782+00', 23758);
INSERT INTO l_label_recording (edits_pending, entity0, entity1, id, last_updated, link) VALUES (0, 36456, 2726278, 1001, '2011-01-18 15:56:00.408782+00', 23758);
INSERT INTO l_label_recording (edits_pending, entity0, entity1, id, last_updated, link) VALUES (0, 36456, 2726280, 1003, '2011-01-18 15:56:00.408782+00', 23758);
INSERT INTO l_label_recording (edits_pending, entity0, entity1, id, last_updated, link) VALUES (0, 36456, 2726281, 991, '2011-01-18 15:56:00.408782+00', 23758);

INSERT INTO l_label_release (edits_pending, entity0, entity1, id, last_updated, link) VALUES (0, 33, 32094, 170, '2011-01-18 15:52:02.917556+00', 6012);
INSERT INTO l_label_release (edits_pending, entity0, entity1, id, last_updated, link) VALUES (0, 33, 509518, 171, '2011-01-18 15:52:02.917556+00', 6012);
INSERT INTO l_label_release (edits_pending, entity0, entity1, id, last_updated, link) VALUES (0, 395, 32094, 166, '2011-01-18 15:52:02.917556+00', 6012);
INSERT INTO l_label_release (edits_pending, entity0, entity1, id, last_updated, link) VALUES (0, 395, 509518, 167, '2011-01-18 15:52:02.917556+00', 6012);

INSERT INTO l_label_label (edits_pending, entity0, entity1, id, last_updated, link) VALUES (0, 33, 839, 3252, '2011-01-18 15:31:00.495651+00', 23367);
INSERT INTO l_label_label (edits_pending, entity0, entity1, id, last_updated, link) VALUES (0, 1949, 3545, 2182, '2011-01-18 15:31:00.495651+00', 23367);
INSERT INTO l_label_label (edits_pending, entity0, entity1, id, last_updated, link) VALUES (0, 15288, 2333, 2818, '2011-01-18 15:31:00.495651+00', 23622);
INSERT INTO l_label_label (edits_pending, entity0, entity1, id, last_updated, link) VALUES (0, 95, 132, 340, '2011-01-18 15:31:00.495651+00', 23403);
INSERT INTO l_label_label (edits_pending, entity0, entity1, id, last_updated, link) VALUES (0, 95, 9632, 999, '2011-01-18 15:31:00.495651+00', 23367);
INSERT INTO l_label_label (edits_pending, entity0, entity1, id, last_updated, link) VALUES (0, 95, 2988, 2484, '2011-01-18 15:31:00.495651+00', 23367);

INSERT INTO l_label_url (edits_pending, entity0, entity1, id, last_updated, link) VALUES (0, 124, 304383, 16552, '2011-01-18 16:23:37.789736+00', 23775);
INSERT INTO l_label_url (edits_pending, entity0, entity1, id, last_updated, link) VALUES (0, 124, 211986, 9156, '2011-01-18 16:23:37.789736+00', 23776);
INSERT INTO l_label_url (edits_pending, entity0, entity1, id, last_updated, link) VALUES (0, 124, 211985, 9157, '2011-01-18 16:23:37.789736+00', 23777);
INSERT INTO l_label_url (edits_pending, entity0, entity1, id, last_updated, link) VALUES (0, 124, 194146, 24952, '2011-01-18 16:23:37.789736+00', 23778);
INSERT INTO l_label_url (edits_pending, entity0, entity1, id, last_updated, link) VALUES (0, 33, 188096, 24026, '2011-01-18 16:23:37.789736+00', 23775);
INSERT INTO l_label_url (edits_pending, entity0, entity1, id, last_updated, link) VALUES (0, 33, 193591, 18376, '2011-01-18 16:23:37.789736+00', 23775);
INSERT INTO l_label_url (edits_pending, entity0, entity1, id, last_updated, link) VALUES (0, 33, 187469, 24966, '2011-01-18 16:23:37.789736+00', 23776);
INSERT INTO l_label_url (edits_pending, entity0, entity1, id, last_updated, link) VALUES (0, 33, 188095, 24025, '2011-01-18 16:23:37.789736+00', 23777);
INSERT INTO l_label_url (edits_pending, entity0, entity1, id, last_updated, link) VALUES (0, 33, 188115, 23244, '2011-01-18 16:23:37.789736+00', 23778);
INSERT INTO l_label_url (edits_pending, entity0, entity1, id, last_updated, link) VALUES (0, 33, 188097, 23226, '2011-01-18 16:23:37.789736+00', 23781);
INSERT INTO l_label_url (edits_pending, entity0, entity1, id, last_updated, link) VALUES (0, 1949, 447791, 6505, '2011-01-18 16:23:37.789736+00', 23776);
INSERT INTO l_label_url (edits_pending, entity0, entity1, id, last_updated, link) VALUES (0, 1949, 192299, 19632, '2011-01-18 16:23:37.789736+00', 23777);
INSERT INTO l_label_url (edits_pending, entity0, entity1, id, last_updated, link) VALUES (0, 1949, 192298, 19631, '2011-01-18 16:23:37.789736+00', 23778);
INSERT INTO l_label_url (edits_pending, entity0, entity1, id, last_updated, link) VALUES (0, 1949, 447790, 25391, '2011-01-18 16:23:37.789736+00', 23779);
INSERT INTO l_label_url (edits_pending, entity0, entity1, id, last_updated, link) VALUES (0, 839, 657961, 22713, '2011-01-18 16:23:37.789736+00', 23776);
INSERT INTO l_label_url (edits_pending, entity0, entity1, id, last_updated, link) VALUES (0, 839, 189173, 22559, '2011-01-18 16:23:37.789736+00', 23777);
INSERT INTO l_label_url (edits_pending, entity0, entity1, id, last_updated, link) VALUES (0, 839, 189172, 16838, '2011-01-18 16:23:37.789736+00', 23778);
INSERT INTO l_label_url (edits_pending, entity0, entity1, id, last_updated, link) VALUES (0, 839, 669770, 20215, '2011-01-18 16:23:37.789736+00', 23779);
INSERT INTO l_label_url (edits_pending, entity0, entity1, id, last_updated, link) VALUES (0, 347, 188281, 23045, '2011-01-18 16:23:37.789736+00', 23776);
INSERT INTO l_label_url (edits_pending, entity0, entity1, id, last_updated, link) VALUES (0, 347, 280534, 2035, '2011-01-18 16:23:37.789736+00', 23778);
INSERT INTO l_label_url (edits_pending, entity0, entity1, id, last_updated, link) VALUES (0, 288, 252353, 2809, '2011-01-18 16:23:37.789736+00', 23776);
INSERT INTO l_label_url (edits_pending, entity0, entity1, id, last_updated, link) VALUES (0, 288, 199936, 13394, '2011-01-18 16:23:37.789736+00', 23777);
INSERT INTO l_label_url (edits_pending, entity0, entity1, id, last_updated, link) VALUES (0, 288, 187944, 18203, '2011-01-18 16:23:37.789736+00', 23778);
INSERT INTO l_label_url (edits_pending, entity0, entity1, id, last_updated, link) VALUES (0, 288, 662311, 15063, '2011-01-18 16:23:37.789736+00', 23779);
INSERT INTO l_label_url (edits_pending, entity0, entity1, id, last_updated, link) VALUES (0, 3545, 197683, 14330, '2011-01-18 16:23:37.789736+00', 23778);
INSERT INTO l_label_url (edits_pending, entity0, entity1, id, last_updated, link) VALUES (0, 46, 272299, 22317, '2011-01-18 16:23:37.789736+00', 23776);
INSERT INTO l_label_url (edits_pending, entity0, entity1, id, last_updated, link) VALUES (0, 46, 188070, 18099, '2011-01-18 16:23:37.789736+00', 23777);
INSERT INTO l_label_url (edits_pending, entity0, entity1, id, last_updated, link) VALUES (0, 46, 576270, 20813, '2011-01-18 16:23:37.789736+00', 23777);
INSERT INTO l_label_url (edits_pending, entity0, entity1, id, last_updated, link) VALUES (0, 46, 188540, 22470, '2011-01-18 16:23:37.789736+00', 23778);
INSERT INTO l_label_url (edits_pending, entity0, entity1, id, last_updated, link) VALUES (0, 6553, 455097, 25314, '2011-01-18 16:23:37.789736+00', 23776);
INSERT INTO l_label_url (edits_pending, entity0, entity1, id, last_updated, link) VALUES (0, 6553, 217313, 8094, '2011-01-18 16:23:37.789736+00', 23777);
INSERT INTO l_label_url (edits_pending, entity0, entity1, id, last_updated, link) VALUES (0, 6553, 779346, 26043, '2011-01-18 16:23:37.789736+00', 23778);
INSERT INTO l_label_url (edits_pending, entity0, entity1, id, last_updated, link) VALUES (0, 8092, 228559, 6978, '2011-01-18 16:23:37.789736+00', 23777);
INSERT INTO l_label_url (edits_pending, entity0, entity1, id, last_updated, link) VALUES (0, 8092, 528577, 16281, '2011-01-18 16:23:37.789736+00', 23778);
INSERT INTO l_label_url (edits_pending, entity0, entity1, id, last_updated, link) VALUES (0, 3592, 337590, 15626, '2011-01-18 16:23:37.789736+00', 23775);
INSERT INTO l_label_url (edits_pending, entity0, entity1, id, last_updated, link) VALUES (0, 3592, 107027, 15774, '2011-01-18 16:23:37.789736+00', 23777);
INSERT INTO l_label_url (edits_pending, entity0, entity1, id, last_updated, link) VALUES (0, 3592, 312133, 15930, '2011-01-18 16:23:37.789736+00', 23778);
INSERT INTO l_label_url (edits_pending, entity0, entity1, id, last_updated, link) VALUES (0, 28, 196160, 14502, '2011-01-18 16:23:37.789736+00', 23776);
INSERT INTO l_label_url (edits_pending, entity0, entity1, id, last_updated, link) VALUES (0, 28, 188071, 17272, '2011-01-18 16:23:37.789736+00', 23777);
INSERT INTO l_label_url (edits_pending, entity0, entity1, id, last_updated, link) VALUES (0, 28, 187454, 25086, '2011-01-18 16:23:37.789736+00', 23778);
INSERT INTO l_label_url (edits_pending, entity0, entity1, id, last_updated, link) VALUES (0, 28, 543359, 12225, '2011-01-18 16:23:37.789736+00', 23782);
INSERT INTO l_label_url (edits_pending, entity0, entity1, id, last_updated, link) VALUES (0, 28, 716589, 18665, '2011-01-18 16:23:37.789736+00', 23785);
INSERT INTO l_label_url (edits_pending, entity0, entity1, id, last_updated, link) VALUES (0, 95, 250562, 2619, '2011-01-18 16:23:37.789736+00', 23775);
INSERT INTO l_label_url (edits_pending, entity0, entity1, id, last_updated, link) VALUES (0, 95, 188046, 23877, '2011-01-18 16:23:37.789736+00', 23776);
INSERT INTO l_label_url (edits_pending, entity0, entity1, id, last_updated, link) VALUES (0, 95, 188047, 23878, '2011-01-18 16:23:37.789736+00', 23777);
INSERT INTO l_label_url (edits_pending, entity0, entity1, id, last_updated, link) VALUES (0, 95, 192791, 19176, '2011-01-18 16:23:37.789736+00', 23778);
INSERT INTO l_label_url (edits_pending, entity0, entity1, id, last_updated, link) VALUES (0, 95, 198425, 25915, '2011-01-18 16:23:37.789736+00', 23778);
INSERT INTO l_label_url (edits_pending, entity0, entity1, id, last_updated, link) VALUES (0, 369, 210459, 9330, '2011-01-18 16:23:37.789736+00', 23776);
INSERT INTO l_label_url (edits_pending, entity0, entity1, id, last_updated, link) VALUES (0, 369, 210458, 9331, '2011-01-18 16:23:37.789736+00', 23777);
INSERT INTO l_label_url (edits_pending, entity0, entity1, id, last_updated, link) VALUES (0, 369, 575949, 19877, '2011-01-18 16:23:37.789736+00', 23778);
INSERT INTO l_label_url (edits_pending, entity0, entity1, id, last_updated, link) VALUES (0, 369, 716203, 27226, '2011-01-18 16:23:37.789736+00', 23785);
INSERT INTO l_label_url (edits_pending, entity0, entity1, id, last_updated, link) VALUES (0, 381, 272300, 22474, '2011-01-18 16:23:37.789736+00', 23776);
INSERT INTO l_label_url (edits_pending, entity0, entity1, id, last_updated, link) VALUES (0, 381, 344826, 1582, '2011-01-18 16:23:37.789736+00', 23776);
INSERT INTO l_label_url (edits_pending, entity0, entity1, id, last_updated, link) VALUES (0, 381, 344840, 2517, '2011-01-18 16:23:37.789736+00', 23778);
INSERT INTO l_label_url (edits_pending, entity0, entity1, id, last_updated, link) VALUES (0, 381, 827387, 27803, '2011-01-18 16:23:37.789736+00', 23780);
INSERT INTO l_label_url (edits_pending, entity0, entity1, id, last_updated, link) VALUES (0, 2333, 216602, 8547, '2011-01-18 16:23:37.789736+00', 23775);
INSERT INTO l_label_url (edits_pending, entity0, entity1, id, last_updated, link) VALUES (0, 2333, 227782, 7930, '2011-01-18 16:23:37.789736+00', 23776);
INSERT INTO l_label_url (edits_pending, entity0, entity1, id, last_updated, link) VALUES (0, 2333, 216601, 9363, '2011-01-18 16:23:37.789736+00', 23778);
INSERT INTO l_label_url (edits_pending, entity0, entity1, id, last_updated, link) VALUES (0, 3933, 483691, 13153, '2011-01-18 16:23:37.789736+00', 23775);
INSERT INTO l_label_url (edits_pending, entity0, entity1, id, last_updated, link) VALUES (0, 3933, 483688, 12996, '2011-01-18 16:23:37.789736+00', 23777);
INSERT INTO l_label_url (edits_pending, entity0, entity1, id, last_updated, link) VALUES (0, 3933, 483691, 13309, '2011-01-18 16:23:37.789736+00', 23780);
INSERT INTO l_label_url (edits_pending, entity0, entity1, id, last_updated, link) VALUES (0, 3933, 483703, 13464, '2011-01-18 16:23:37.789736+00', 23781);
INSERT INTO l_label_url (edits_pending, entity0, entity1, id, last_updated, link) VALUES (0, 395, 188140, 23558, '2011-01-18 16:23:37.789736+00', 23776);
INSERT INTO l_label_url (edits_pending, entity0, entity1, id, last_updated, link) VALUES (0, 395, 188141, 23559, '2011-01-18 16:23:37.789736+00', 23777);
INSERT INTO l_label_url (edits_pending, entity0, entity1, id, last_updated, link) VALUES (0, 395, 610808, 6780, '2011-01-18 16:23:37.789736+00', 23778);
INSERT INTO l_label_url (edits_pending, entity0, entity1, id, last_updated, link) VALUES (0, 395, 194658, 18840, '2011-01-18 16:23:37.789736+00', 23780);
INSERT INTO l_label_url (edits_pending, entity0, entity1, id, last_updated, link) VALUES (0, 395, 578123, 2407, '2011-01-18 16:23:37.789736+00', 23782);
INSERT INTO l_label_url (edits_pending, entity0, entity1, id, last_updated, link) VALUES (0, 2882, 194973, 15099, '2011-01-18 16:23:37.789736+00', 23776);
INSERT INTO l_label_url (edits_pending, entity0, entity1, id, last_updated, link) VALUES (0, 2882, 194976, 15096, '2011-01-18 16:23:37.789736+00', 23776);
INSERT INTO l_label_url (edits_pending, entity0, entity1, id, last_updated, link) VALUES (0, 2882, 445083, 13458, '2011-01-18 16:23:37.789736+00', 23777);
INSERT INTO l_label_url (edits_pending, entity0, entity1, id, last_updated, link) VALUES (0, 2882, 194975, 15097, '2011-01-18 16:23:37.789736+00', 23778);
INSERT INTO l_label_url (edits_pending, entity0, entity1, id, last_updated, link) VALUES (0, 132, 272431, 24660, '2011-01-18 16:23:37.789736+00', 23776);
INSERT INTO l_label_url (edits_pending, entity0, entity1, id, last_updated, link) VALUES (0, 132, 190240, 21503, '2011-01-18 16:23:37.789736+00', 23777);
INSERT INTO l_label_url (edits_pending, entity0, entity1, id, last_updated, link) VALUES (0, 132, 190234, 21498, '2011-01-18 16:23:37.789736+00', 23778);
INSERT INTO l_label_url (edits_pending, entity0, entity1, id, last_updated, link) VALUES (0, 132, 190241, 21504, '2011-01-18 16:23:37.789736+00', 23779);
INSERT INTO l_label_url (edits_pending, entity0, entity1, id, last_updated, link) VALUES (0, 4349, 458872, 20166, '2011-01-18 16:23:37.789736+00', 23775);
INSERT INTO l_label_url (edits_pending, entity0, entity1, id, last_updated, link) VALUES (0, 4349, 197521, 12756, '2011-01-18 16:23:37.789736+00', 23776);
INSERT INTO l_label_url (edits_pending, entity0, entity1, id, last_updated, link) VALUES (0, 4349, 201512, 13059, '2011-01-18 16:23:37.789736+00', 23777);
INSERT INTO l_label_url (edits_pending, entity0, entity1, id, last_updated, link) VALUES (0, 4349, 612649, 20975, '2011-01-18 16:23:37.789736+00', 23778);
INSERT INTO l_label_url (edits_pending, entity0, entity1, id, last_updated, link) VALUES (0, 187, 194156, 20733, '2011-01-18 16:23:37.789736+00', 23776);
INSERT INTO l_label_url (edits_pending, entity0, entity1, id, last_updated, link) VALUES (0, 187, 187787, 24912, '2011-01-18 16:23:37.789736+00', 23777);
INSERT INTO l_label_url (edits_pending, entity0, entity1, id, last_updated, link) VALUES (0, 187, 191819, 20111, '2011-01-18 16:23:37.789736+00', 23778);
INSERT INTO l_label_url (edits_pending, entity0, entity1, id, last_updated, link) VALUES (0, 187, 191818, 20110, '2011-01-18 16:23:37.789736+00', 23779);
INSERT INTO l_label_url (edits_pending, entity0, entity1, id, last_updated, link) VALUES (0, 2988, 195251, 21646, '2011-01-18 16:23:37.789736+00', 23776);
INSERT INTO l_label_url (edits_pending, entity0, entity1, id, last_updated, link) VALUES (0, 2988, 195250, 17124, '2011-01-18 16:23:37.789736+00', 23778);

UPDATE medium
SET track_count = tc.count
FROM (SELECT count(id),medium FROM track GROUP BY medium) tc
WHERE tc.medium = medium.id;
